{"id":990,"date":"2013-05-05T17:05:58","date_gmt":"2013-05-05T17:05:58","guid":{"rendered":"http:\/\/tramacultura.org\/?page_id=990"},"modified":"2016-07-18T11:56:46","modified_gmt":"2016-07-18T11:56:46","slug":"itineraris","status":"publish","type":"page","link":"https:\/\/tramacultura.org\/?page_id=990","title":{"rendered":"ITINERARIS"},"content":{"rendered":"<p style=\"color: #000000; text-align: justify;\">Des de Trama comptem amb una oferta d\u2019itineraris urbans, passejades culturals i visites comentades, centrada en la hist\u00f2ria dels barris, les transformacions urbanes i socials, i el patrimoni art\u00edstic de Barcelona. De la filosofia oculta sota la fisonomia de la ciutat, passant pels espais de mem\u00f2ria i de creaci\u00f3, fins a les conquestes socials de la ciutadania, els itineraris conviden a pensar i sentir la ciutat\u00a0\u00a0d\u2019una altra manera.<\/p>\n<p style=\"color: #000000; text-align: justify;\"><span style=\"color: #ffffff;\">.<\/span><\/p>\n<p style=\"color: #000000; text-align: justify;\"><strong><span style=\"color: #ff0000;\"># Art i Eixample<\/span><\/strong><\/p>\n<p style=\"color: #000000; text-align: justify;\">De l\u2019arquitectura modernista al galerisme, dels museus i institucions culturals als centres m\u00e9s alternatius, farem un recorregut pel passat, el present i el futur de l\u2019art a l\u2019Eixample, visitant espais emblem\u00e0tics i descobrint-ne d\u2019altres.<\/p>\n<p style=\"color: #000000; text-align: justify;\"><span style=\"color: #ffffff;\">.<\/span><\/p>\n<header><strong><span style=\"color: #ff0000;\"># Barcelona 1936. Guerra i revoluci\u00f3<\/span><\/strong><\/header>\n<div>\n<p style=\"text-align: justify;\">L\u2019aturada del cop militar a Barcelona per part de les mil\u00edcies antifeixistes no nom\u00e9s va donar inici a la guerra, sin\u00f3 tamb\u00e9 a un gran proc\u00e9s revolucionari a Catalunya i Barcelona. De la m\u00e0 de la CNT i el POUM es van portar a terme col\u00b7lectivitzacions de f\u00e0briques, escoles i institucions fins als Fets de maig de 1937. Reviurem tot passejant per la ciutat un proc\u00e9s revolucionari ple de llums i tamb\u00e9 d\u2019ombres.<\/p>\n<p style=\"text-align: justify;\"><span style=\"color: #ffffff;\">.<\/span><\/p>\n<header><strong><span style=\"color: #ff0000;\"># Barcelona sota les bombes<\/span><\/strong><\/header>\n<div>\n<p style=\"text-align: justify;\">Durant la Guerra Civil Espanyola, Barcelona va ser bombardejada i la seva gent massacrada, esdevenint una de les primeres ciutats a patir un atac aeri sobre poblaci\u00f3 civil. Seguirem els rastres d\u2019un dels episodis m\u00e9s tr\u00e0gics de la hist\u00f2ria de la ciutat, tot destacant el paper jugat per la poblaci\u00f3 civil.<\/p>\n<\/div>\n<\/div>\n<p style=\"color: #000000; text-align: justify;\"><strong>\u00a0\u00a0<span style=\"color: #ffffff;\">\u00a0 .<\/span><\/strong><\/p>\n<p style=\"color: #000000; text-align: justify;\"><span style=\"color: #ff0000;\"><strong>#<\/strong><strong>\u00a0<\/strong><em><strong>La ciutat ven\u00e7uda<\/strong><\/em><strong>. Barcelona 1939<\/strong><\/span><\/p>\n<p style=\"color: #000000; text-align: justify;\">L\u2019entrada de les tropes franquistes a Barcelona el 26 de gener de 1939 va marcar pr\u00e0cticament el punt i final de la Guerra Civil. Per\u00f2 va ser realment aix\u00ed? Qu\u00e8 va passar a la ciutat ocupada pels franquistes? En el 75\u00e8 aniversari de la caiguda de Barcelona, passejarem per la ciutat per rememorar la repressi\u00f3 patida per la poblaci\u00f3 civil en una de les etapes m\u00e9s fosques de la ciutat.<\/p>\n<p style=\"color: #000000; text-align: justify;\"><span style=\"color: #ffffff;\">.<\/span><\/p>\n<p style=\"color: #000000; text-align: justify;\"><strong><span style=\"color: #ff0000;\"># Dones i espai p\u00fablic. Ciutat Vella<\/span><\/strong><\/p>\n<p style=\"color: #000000; text-align: justify;\">Qu\u00e8 ens diu la ciutat sobre les dones d\u2019ara i d\u2019abans? \u00c9s equitatiu i igualitari l\u2019espai urb\u00e0? O refor\u00e7a les desigualtats entre homes i dones? Passejarem per Ciutat Vella mirant els carrers, les places, els mercats\u2026 des d\u2019una perspectiva de g\u00e8nere, per reflexionar sobre la relaci\u00f3 entre urbanitat i ciutadania, entre dones i espai p\u00fablic.<\/p>\n<p style=\"color: #000000; text-align: justify;\"><span style=\"color: #ffffff;\">.<\/span><\/p>\n<p style=\"color: #000000; text-align: justify;\"><strong><span style=\"color: #ff0000;\"># El Paral\u00b7lel dels teatres<\/span><\/strong><\/p>\n<p style=\"color: #000000; text-align: justify;\">Del Molino al Vict\u00f2ria, transitarem el Paral\u00b7lel per reviure la seva hist\u00f2ria, des del teatre popular i de masses anterior a la guerra, fins als espectacles d\u2019avui dia, parant especial atenci\u00f3 a les diferents modalitats esc\u00e8niques que s\u2019hi han representat<\/p>\n<p style=\"color: #000000; text-align: justify;\"><strong>\u00a0<\/strong><\/p>\n<p style=\"color: #000000; text-align: justify;\"><span style=\"color: #ff0000;\"><strong>#<\/strong><strong>\u00a0<\/strong><em><strong>La ciutat invisible<\/strong><\/em><strong>. Les barraques de Montju\u00efc<\/strong><\/span><\/p>\n<p style=\"color: #000000; text-align: justify;\"><strong>\u00a0<\/strong>Passejarem per Montju\u00efc per redescobrir un passat ple de miseria, per\u00f2 tamb\u00e9 un exemple de moviment social i de lluita per la dignitat com va ser el barraquisme, esborrat de la fisonomia de la ciutat per les grans transformacions urbanes de les \u00faltimes d\u00e8cades.<\/p>\n<p style=\"color: #000000; text-align: justify;\"><span style=\"color: #ffffff;\"><em><strong>\u00a0.<\/strong><\/em><\/span><\/p>\n<p style=\"color: #000000; text-align: justify;\"><span style=\"color: #ff0000;\"><em><strong># La ciutat invisible<\/strong><\/em>.\u00a0<strong>Barraques del Poblenou<\/strong><\/span><\/p>\n<p style=\"color: #000000; text-align: justify;\">Passejarem pel Poblenou per rememorar les barraques del Somorrostro, Pequ\u00edn o el Camp de la Bota: ciutats invisibles d\u2019un passat ple de mis\u00e8ria per\u00f2 tamb\u00e9 d\u2019organitzaci\u00f3 ve\u00efnal i lluita social, esborrades de la fisonomia de la ciutat per la transformaci\u00f3 del llevant de Barcelona amb la Vil\u00b7la Ol\u00edmpica, el 22@, el F\u00f2rum i Diagonal Mar.<\/p>\n<p style=\"color: #000000; text-align: justify;\"><span style=\"color: #ffffff;\">.<\/span><\/p>\n<p style=\"color: #000000; text-align: justify;\"><span style=\"color: #ff0000;\"><strong>#<\/strong><strong>\u00a0<\/strong><strong>Sant Antoni &amp; Poble Sec\u00a0<\/strong><\/span><\/p>\n<p style=\"color: #000000; text-align: justify;\">Passejarem per dos dels barris m\u00e9s emergents i populars de la Barcelona actual, separats pel Paral\u00b7lel per\u00f2 amb moltes hist\u00f2ries en com\u00fa. Coneixerem la seva formaci\u00f3 a finals del s.XIX, el seu desenvolupament i urbanitzaci\u00f3 al llarg del s.XX, i el proc\u00e9s de transformaci\u00f3 i revitalitzaci\u00f3 que viuen en l\u2019actualitat.<\/p>\n<p style=\"color: #000000; text-align: justify;\"><span style=\"color: #ffffff;\">.<\/span><\/p>\n<p style=\"color: #000000; text-align: justify;\"><strong><span style=\"color: #ff0000;\"># La Barcelona dels moviments socials<\/span><\/strong><\/p>\n<p style=\"color: #000000; text-align: justify;\">Barcelona no s\u2019ent\u00e9n sense els moviments socials que ha protagonitzat la seva gent. De l\u2019obrerisme de finals del segle XIX fins al 15M, passant pels moviments antifranquistes i el\u00a0<i>No a la guerra<\/i>, aquests posen de manifest la for\u00e7a i la lluita continuada a la ciutat. Coneixerem el paper fonamental jugat per la ciutadania de Barcelona en els grans canvis de la seva hist\u00f2ria tot passejant per alguns dels espais de reivindicaci\u00f3 m\u00e9s emblem\u00e0tics.<\/p>\n<p style=\"color: #000000; text-align: justify;\"><span style=\"color: #ffffff;\">.<\/span><\/p>\n<p style=\"color: #000000; text-align: justify;\"><strong><span style=\"color: #ff0000;\"># Urbanisme i repressi\u00f3. La Barcelona del control social<\/span><\/strong><\/p>\n<p style=\"color: #000000; text-align: justify;\">Barcelona destaca als ulls del m\u00f3n pel seu model urban\u00edstic, que atrau turistes gr\u00e0cies a les obres d\u2019arquitectes de renom internacional. Barris sencers han estat esventrats i remodelats segons aquesta imatge ideal. Aquesta imatge, per\u00f2, amaga un m\u00f3n de c\u00e0meres, desallotjaments i privatitzacions de l\u2019espai p\u00fablic. Hi ha lloc per a la vida ciutadana, per a la discrep\u00e0ncia en aquesta urbs entregada al mercat mundial? En veurem les conseq\u00fc\u00e8ncies a peu de barri passejant pel Poblenou.<\/p>\n<p style=\"color: #000000; text-align: justify;\"><span style=\"color: #ffffff;\">.<\/span><\/p>\n<p style=\"color: #000000; text-align: justify;\"><strong><span style=\"color: #ff0000;\"># La utopia\u00a0de l\u2019Eixample<\/span><\/strong><\/p>\n<p style=\"color: #000000; text-align: justify;\">Partint dels carrers estrets i dels tra\u00e7ats irregulars del Raval, passejarem fins a les illes i xamfrans de l\u2019entramat de l\u2019Eixample per descobrir les idees que s\u2019amaguen darrera el model de Cerd\u00e0. Rastrejarem sota la forma de la ciutat la utopia social, el racionalisme i l\u2019afany de modernitat del seu pensament. A partir de la fisonomia de l\u2019Eixample, reflexionarem sobre els lligams entre urbanisme i filosofia.<\/p>\n","protected":false},"excerpt":{"rendered":"<p>Des de Trama comptem amb una oferta d\u2019itineraris urbans, passejades culturals i visites comentades, centrada en la hist\u00f2ria dels barris, les transformacions urbanes i socials, i el patrimoni art\u00edstic de Barcelona. De la filosofia oculta sota la fisonomia de la ciutat, passant pels espais de mem\u00f2ria i de creaci\u00f3, fins &#8230;<\/p>\n","protected":false},"author":1,"featured_media":0,"parent":392,"menu_order":2,"comment_status":"closed","ping_status":"closed","template":"","meta":{"footnotes":""},"class_list":["post-990","page","type-page","status-publish","hentry","column","threecol"],"_links":{"self":[{"href":"https:\/\/tramacultura.org\/index.php?rest_route=\/wp\/v2\/pages\/990","targetHints":{"allow":["GET"]}}],"collection":[{"href":"https:\/\/tramacultura.org\/index.php?rest_route=\/wp\/v2\/pages"}],"about":[{"href":"https:\/\/tramacultura.org\/index.php?rest_route=\/wp\/v2\/types\/page"}],"author":[{"embeddable":true,"href":"https:\/\/tramacultura.org\/index.php?rest_route=\/wp\/v2\/users\/1"}],"replies":[{"embeddable":true,"href":"https:\/\/tramacultura.org\/index.php?rest_route=%2Fwp%2Fv2%2Fcomments&post=990"}],"version-history":[{"count":17,"href":"https:\/\/tramacultura.org\/index.php?rest_route=\/wp\/v2\/pages\/990\/revisions"}],"predecessor-version":[{"id":4712,"href":"https:\/\/tramacultura.org\/index.php?rest_route=\/wp\/v2\/pages\/990\/revisions\/4712"}],"up":[{"embeddable":true,"href":"https:\/\/tramacultura.org\/index.php?rest_route=\/wp\/v2\/pages\/392"}],"wp:attachment":[{"href":"https:\/\/tramacultura.org\/index.php?rest_route=%2Fwp%2Fv2%2Fmedia&parent=990"}],"curies":[{"name":"wp","href":"https:\/\/api.w.org\/{rel}","templated":true}]}}

<p style="color: #000000; text-align: justify;">Des de Trama comptem amb una oferta d’itineraris urbans, passejades culturals i visites comentades, centrada en la història dels barris, les transformacions urbanes i socials, i el patrimoni artístic de Barcelona. De la filosofia oculta sota la fisonomia de la ciutat, passant pels espais de memòria i de creació, fins a les conquestes socials de la ciutadania, els itineraris conviden a pensar i sentir la ciutat  d’una altra manera.</p>
<p style="color: #000000; text-align: justify;"><span style="color: #ffffff;">.</span></p>
<p style="color: #000000; text-align: justify;"><strong><span style="color: #ff0000;"># Art i Eixample</span></strong></p>
<p style="color: #000000; text-align: justify;">De l’arquitectura modernista al galerisme, dels museus i institucions culturals als centres més alternatius, farem un recorregut pel passat, el present i el futur de l’art a l’Eixample, visitant espais emblemàtics i descobrint-ne d’altres.</p>
<p style="color: #000000; text-align: justify;"><span style="color: #ffffff;">.</span></p>
<header><strong><span style="color: #ff0000;"># Barcelona 1936. Guerra i revolució</span></strong></header>
<div>
<p style="text-align: justify;">L’aturada del cop militar a Barcelona per part de les milícies antifeixistes no només va donar inici a la guerra, sinó també a un gran procés revolucionari a Catalunya i Barcelona. De la mà de la CNT i el POUM es van portar a terme col·lectivitzacions de fàbriques, escoles i institucions fins als Fets de maig de 1937. Reviurem tot passejant per la ciutat un procés revolucionari ple de llums i també d’ombres.</p>
<p style="text-align: justify;"><span style="color: #ffffff;">.</span></p>
<header><strong><span style="color: #ff0000;"># Barcelona sota les bombes</span></strong></header>
<div>
<p style="text-align: justify;">Durant la Guerra Civil Espanyola, Barcelona va ser bombardejada i la seva gent massacrada, esdevenint una de les primeres ciutats a patir un atac aeri sobre població civil. Seguirem els rastres d’un dels episodis més tràgics de la història de la ciutat, tot destacant el paper jugat per la població civil.</p>
</div>
</div>
<p style="color: #000000; text-align: justify;"><strong>  <span style="color: #ffffff;">  .</span></strong></p>
<p style="color: #000000; text-align: justify;"><span style="color: #ff0000;"><strong>#</strong><strong> </strong><em><strong>La ciutat vençuda</strong></em><strong>. Barcelona 1939</strong></span></p>
<p style="color: #000000; text-align: justify;">L’entrada de les tropes franquistes a Barcelona el 26 de gener de 1939 va marcar pràcticament el punt i final de la Guerra Civil. Però va ser realment així? Què va passar a la ciutat ocupada pels franquistes? En el 75è aniversari de la caiguda de Barcelona, passejarem per la ciutat per rememorar la repressió patida per la població civil en una de les etapes més fosques de la ciutat.</p>
<p style="color: #000000; text-align: justify;"><span style="color: #ffffff;">.</span></p>
<p style="color: #000000; text-align: justify;"><strong><span style="color: #ff0000;"># Dones i espai públic. Ciutat Vella</span></strong></p>
<p style="color: #000000; text-align: justify;">Què ens diu la ciutat sobre les dones d’ara i d’abans? És equitatiu i igualitari l’espai urbà? O reforça les desigualtats entre homes i dones? Passejarem per Ciutat Vella mirant els carrers, les places, els mercats… des d’una perspectiva de gènere, per reflexionar sobre la relació entre urbanitat i ciutadania, entre dones i espai públic.</p>
<p style="color: #000000; text-align: justify;"><span style="color: #ffffff;">.</span></p>
<p style="color: #000000; text-align: justify;"><strong><span style="color: #ff0000;"># El Paral·lel dels teatres</span></strong></p>
<p style="color: #000000; text-align: justify;">Del Molino al Victòria, transitarem el Paral·lel per reviure la seva història, des del teatre popular i de masses anterior a la guerra, fins als espectacles d’avui dia, parant especial atenció a les diferents modalitats escèniques que s’hi han representat</p>
<p style="color: #000000; text-align: justify;"><strong> </strong></p>
<p style="color: #000000; text-align: justify;"><span style="color: #ff0000;"><strong>#</strong><strong> </strong><em><strong>La ciutat invisible</strong></em><strong>. Les barraques de Montjuïc</strong></span></p>
<p style="color: #000000; text-align: justify;"><strong> </strong>Passejarem per Montjuïc per redescobrir un passat ple de miseria, però també un exemple de moviment social i de lluita per la dignitat com va ser el barraquisme, esborrat de la fisonomia de la ciutat per les grans transformacions urbanes de les últimes dècades.</p>
<p style="color: #000000; text-align: justify;"><span style="color: #ffffff;"><em><strong> .</strong></em></span></p>
<p style="color: #000000; text-align: justify;"><span style="color: #ff0000;"><em><strong># La ciutat invisible</strong></em>. <strong>Barraques del Poblenou</strong></span></p>
<p style="color: #000000; text-align: justify;">Passejarem pel Poblenou per rememorar les barraques del Somorrostro, Pequín o el Camp de la Bota: ciutats invisibles d’un passat ple de misèria però també d’organització veïnal i lluita social, esborrades de la fisonomia de la ciutat per la transformació del llevant de Barcelona amb la Vil·la Olímpica, el 22@, el Fòrum i Diagonal Mar.</p>
<p style="color: #000000; text-align: justify;"><span style="color: #ffffff;">.</span></p>
<p style="color: #000000; text-align: justify;"><span style="color: #ff0000;"><strong>#</strong><strong> </strong><strong>Sant Antoni &amp; Poble Sec </strong></span></p>
<p style="color: #000000; text-align: justify;">Passejarem per dos dels barris més emergents i populars de la Barcelona actual, separats pel Paral·lel però amb moltes històries en comú. Coneixerem la seva formació a finals del s.XIX, el seu desenvolupament i urbanització al llarg del s.XX, i el procés de transformació i revitalització que viuen en l’actualitat.</p>
<p style="color: #000000; text-align: justify;"><span style="color: #ffffff;">.</span></p>
<p style="color: #000000; text-align: justify;"><strong><span style="color: #ff0000;"># La Barcelona dels moviments socials</span></strong></p>
<p style="color: #000000; text-align: justify;">Barcelona no s’entén sense els moviments socials que ha protagonitzat la seva gent. De l’obrerisme de finals del segle XIX fins al 15M, passant pels moviments antifranquistes i el <i>No a la guerra</i>, aquests posen de manifest la força i la lluita continuada a la ciutat. Coneixerem el paper fonamental jugat per la ciutadania de Barcelona en els grans canvis de la seva història tot passejant per alguns dels espais de reivindicació més emblemàtics.</p>
<p style="color: #000000; text-align: justify;"><span style="color: #ffffff;">.</span></p>
<p style="color: #000000; text-align: justify;"><strong><span style="color: #ff0000;"># Urbanisme i repressió. La Barcelona del control social</span></strong></p>
<p style="color: #000000; text-align: justify;">Barcelona destaca als ulls del món pel seu model urbanístic, que atrau turistes gràcies a les obres d’arquitectes de renom internacional. Barris sencers han estat esventrats i remodelats segons aquesta imatge ideal. Aquesta imatge, però, amaga un món de càmeres, desallotjaments i privatitzacions de l’espai públic. Hi ha lloc per a la vida ciutadana, per a la discrepància en aquesta urbs entregada al mercat mundial? En veurem les conseqüències a peu de barri passejant pel Poblenou.</p>
<p style="color: #000000; text-align: justify;"><span style="color: #ffffff;">.</span></p>
<p style="color: #000000; text-align: justify;"><strong><span style="color: #ff0000;"># La utopia de l’Eixample</span></strong></p>
<p style="color: #000000; text-align: justify;">Partint dels carrers estrets i dels traçats irregulars del Raval, passejarem fins a les illes i xamfrans de l’entramat de l’Eixample per descobrir les idees que s’amaguen darrera el model de Cerdà. Rastrejarem sota la forma de la ciutat la utopia social, el racionalisme i l’afany de modernitat del seu pensament. A partir de la fisonomia de l’Eixample, reflexionarem sobre els lligams entre urbanisme i filosofia.</p>

<p>Des de Trama comptem amb una oferta d’itineraris urbans, passejades culturals i visites comentades, centrada en la història dels barris, les transformacions urbanes i socials, i el patrimoni artístic de Barcelona. De la filosofia oculta sota la fisonomia de la ciutat, passant pels espais de memòria i de creació, fins &#8230;</p>
