{"id":987,"date":"2013-05-05T17:03:58","date_gmt":"2013-05-05T17:03:58","guid":{"rendered":"http:\/\/tramacultura.org\/?page_id=987"},"modified":"2016-07-17T09:19:26","modified_gmt":"2016-07-17T09:19:26","slug":"activitats","status":"publish","type":"page","link":"https:\/\/tramacultura.org\/?page_id=987","title":{"rendered":"ACTIVITATS"},"content":{"rendered":"<p style=\"text-align: justify;\"><strong><span style=\"color: #ff0000;\"># Tastets de cinema<\/span><\/strong><\/p>\n<p style=\"text-align: justify;\"><b><\/b>A partir del visionat de peces audiovisuals, l\u2019an\u00e0lisi de seq\u00fc\u00e8ncies i el col\u00b7loqui participatiu ens aproparem al llenguatge cinematogr\u00e0fic, recorrerem la hist\u00f2ria del set\u00e8 art, ens familiaritzarem amb la narrativa audiovisual i reflexionarem sobre la visi\u00f3 que d\u00f3na el cinema del m\u00f3n actual.<\/p>\n<p style=\"text-align: justify;\"><b><i><\/i><\/b><strong><span style=\"color: #ff0000;\"># Parlem-ne!\u00a0Debats d\u2019art i cultura contempor\u00e0nia<\/span><\/strong><\/p>\n<p style=\"text-align: justify;\">Qu\u00e8 est\u00e0 passant amb la cultura contempor\u00e0nia? Qu\u00e8 \u00e9s art i qu\u00e8 no en el m\u00f3n actual? Qui decideix qu\u00e8 \u00e9s bo i qu\u00e8 no quan es tracta de creacions art\u00edstiques? A partir d\u2019exemples concrets debatrem sobre els l\u00edmits \u00e8tics i est\u00e8tics de l\u2019art i la cultura contempor\u00e0nia.<\/p>\n<p style=\"text-align: justify;\"><strong><span style=\"color: #ff0000;\"># Actuem! Teatre\u00a0per la igualtat<\/span><\/strong><\/p>\n<p style=\"text-align: justify;\"><span style=\"color: #222222;\">A trav\u00e9s de les diferents t\u00e8cniques i jocs teatrals que ens ofereix el teatre dels i les oprimides, explorarem col\u00b7lectivament i de manera creativa les diferents opressions i discriminacions que ens envolten per trobar eines i recursos que ens ajudin a combatre-les. Aprendrem a detectar les situacions d\u2019injust\u00edcia, reflexionarem sobre la presa de decisions i aprendrem a gestionar i resoldre conflictes.<\/span><\/p>\n<p style=\"text-align: justify;\"><strong><span style=\"color: #ff0000;\"># Repensem els contes!<\/span><\/strong><\/p>\n<p style=\"text-align: justify;\">Per qu\u00e8 era una rateta i no un ratol\u00ed qui escombrava l\u2019escaleta? Va fer b\u00e9 la formiga de no donar menjar a la cigala? Qu\u00e8 passaria si la princesa no es volgu\u00e9s casar amb el pr\u00edncep blau? A partir de la lectura de faules i contes populars, q\u00fcestionarem les\u00a0hist\u00f2ries, repensarem els personatges i inventarem altres maneres d\u2019explicar-les.<\/p>\n<p style=\"text-align: justify;\"><strong><span style=\"color: #ff0000;\"># M\u2640n\u00f2legs. Teatre de petit format<\/span><\/strong><\/p>\n<p style=\"text-align: justify;\">La Medea d\u2019Eur\u00edpides, la Lucr\u00e8cia de Shakespeare, la Cec\u00edlia de Puig i Ferrater&#8230; grans personatges femenins del teatre i la literatura que han donat veu a les dones i s&#8217;han rebel\u00b7lat contra el poder establert i la viol\u00e8ncia masclista. Escoltarem les seves vindicacions, reflexionarem sobre els lligams entre els rols i les estructures de poder, i\u00a0ens aproparem a la interpretaci\u00f3 dram\u00e0tica des d&#8217;una perspectiva de g\u00e8nere.<\/p>\n<p>&nbsp;<\/p>\n","protected":false},"excerpt":{"rendered":"<p># Tastets de cinema A partir del visionat de peces audiovisuals, l\u2019an\u00e0lisi de seq\u00fc\u00e8ncies i el col\u00b7loqui participatiu ens aproparem al llenguatge cinematogr\u00e0fic, recorrerem la hist\u00f2ria del set\u00e8 art, ens familiaritzarem amb la narrativa audiovisual i reflexionarem sobre la visi\u00f3 que d\u00f3na el cinema del m\u00f3n actual. # Parlem-ne!\u00a0Debats d\u2019art &#8230;<\/p>\n","protected":false},"author":1,"featured_media":0,"parent":392,"menu_order":0,"comment_status":"closed","ping_status":"closed","template":"","meta":{"footnotes":""},"class_list":["post-987","page","type-page","status-publish","hentry","column","threecol"],"_links":{"self":[{"href":"https:\/\/tramacultura.org\/index.php?rest_route=\/wp\/v2\/pages\/987","targetHints":{"allow":["GET"]}}],"collection":[{"href":"https:\/\/tramacultura.org\/index.php?rest_route=\/wp\/v2\/pages"}],"about":[{"href":"https:\/\/tramacultura.org\/index.php?rest_route=\/wp\/v2\/types\/page"}],"author":[{"embeddable":true,"href":"https:\/\/tramacultura.org\/index.php?rest_route=\/wp\/v2\/users\/1"}],"replies":[{"embeddable":true,"href":"https:\/\/tramacultura.org\/index.php?rest_route=%2Fwp%2Fv2%2Fcomments&post=987"}],"version-history":[{"count":4,"href":"https:\/\/tramacultura.org\/index.php?rest_route=\/wp\/v2\/pages\/987\/revisions"}],"predecessor-version":[{"id":4702,"href":"https:\/\/tramacultura.org\/index.php?rest_route=\/wp\/v2\/pages\/987\/revisions\/4702"}],"up":[{"embeddable":true,"href":"https:\/\/tramacultura.org\/index.php?rest_route=\/wp\/v2\/pages\/392"}],"wp:attachment":[{"href":"https:\/\/tramacultura.org\/index.php?rest_route=%2Fwp%2Fv2%2Fmedia&parent=987"}],"curies":[{"name":"wp","href":"https:\/\/api.w.org\/{rel}","templated":true}]}}