{"id":6180,"date":"2023-01-18T11:21:03","date_gmt":"2023-01-18T11:21:03","guid":{"rendered":"https:\/\/tramacultura.org\/?page_id=6180"},"modified":"2023-03-27T08:40:05","modified_gmt":"2023-03-27T08:40:05","slug":"larmari-de-loliver","status":"publish","type":"page","link":"https:\/\/tramacultura.org\/?page_id=6180","title":{"rendered":"L&#8217;armari de l&#8217;\u00d2liver"},"content":{"rendered":"<div class=\"wp-block-image\">\n<figure class=\"aligncenter is-resized\"><img loading=\"lazy\" decoding=\"async\" src=\"https:\/\/tramacultura.org\/wp-content\/uploads\/2023\/01\/Imatge-cartell_LArmari-de-lOliver-p.png\" alt=\"\" class=\"wp-image-6181\" width=\"583\" height=\"406\" srcset=\"https:\/\/tramacultura.org\/wp-content\/uploads\/2023\/01\/Imatge-cartell_LArmari-de-lOliver-p.png 617w, https:\/\/tramacultura.org\/wp-content\/uploads\/2023\/01\/Imatge-cartell_LArmari-de-lOliver-p-300x209.png 300w, https:\/\/tramacultura.org\/wp-content\/uploads\/2023\/01\/Imatge-cartell_LArmari-de-lOliver-p-332x231.png 332w\" sizes=\"auto, (max-width: 583px) 100vw, 583px\" \/><\/figure><\/div>\n\n\n<p><\/p>\n\n\n\n<p> L\u2019armari de l\u2019\u00d2liver presenta a trav\u00e9s del seu personatge principal les pors i inquietuds d\u2019un infant en plena exploraci\u00f3 de l\u2019expressi\u00f3 del seu g\u00e8nere. Davant el rebuig de l\u2019entorn per les coses amb qu\u00e8 li agrada jugar, l\u2019\u00d2liver s\u2019amaga dins l\u2019armari on trobar\u00e0 una s\u00e8rie de personatges que li explicaran la seva experi\u00e8ncia i dificultats a l\u2019hora de viure identitats, expressions de g\u00e8nere i orientacions del desig no normatives.  <\/p>\n\n\n\n<p><\/p>\n\n\n\n<p>Descarrega&#8217;t la fitxa de l&#8217;espectacle <a href=\"https:\/\/tramacultura.org\/wp-content\/uploads\/2023\/03\/Fitxa-espectacle-Larmari-de-lOliver.pdf\">aqu\u00ed<\/a><\/p>\n","protected":false},"excerpt":{"rendered":"<p>L\u2019armari de l\u2019\u00d2liver presenta a trav\u00e9s del seu personatge principal les pors i inquietuds d\u2019un infant en plena exploraci\u00f3 de l\u2019expressi\u00f3 del seu g\u00e8nere. Davant el rebuig de l\u2019entorn per les coses amb qu\u00e8 li agrada jugar, l\u2019\u00d2liver s\u2019amaga dins l\u2019armari on trobar\u00e0 una s\u00e8rie de personatges que li explicaran &#8230;<\/p>\n","protected":false},"author":1,"featured_media":0,"parent":0,"menu_order":0,"comment_status":"closed","ping_status":"closed","template":"","meta":{"footnotes":""},"class_list":["post-6180","page","type-page","status-publish","hentry","column","threecol"],"_links":{"self":[{"href":"https:\/\/tramacultura.org\/index.php?rest_route=\/wp\/v2\/pages\/6180","targetHints":{"allow":["GET"]}}],"collection":[{"href":"https:\/\/tramacultura.org\/index.php?rest_route=\/wp\/v2\/pages"}],"about":[{"href":"https:\/\/tramacultura.org\/index.php?rest_route=\/wp\/v2\/types\/page"}],"author":[{"embeddable":true,"href":"https:\/\/tramacultura.org\/index.php?rest_route=\/wp\/v2\/users\/1"}],"replies":[{"embeddable":true,"href":"https:\/\/tramacultura.org\/index.php?rest_route=%2Fwp%2Fv2%2Fcomments&post=6180"}],"version-history":[{"count":4,"href":"https:\/\/tramacultura.org\/index.php?rest_route=\/wp\/v2\/pages\/6180\/revisions"}],"predecessor-version":[{"id":6213,"href":"https:\/\/tramacultura.org\/index.php?rest_route=\/wp\/v2\/pages\/6180\/revisions\/6213"}],"wp:attachment":[{"href":"https:\/\/tramacultura.org\/index.php?rest_route=%2Fwp%2Fv2%2Fmedia&parent=6180"}],"curies":[{"name":"wp","href":"https:\/\/api.w.org\/{rel}","templated":true}]}}