{"id":5637,"date":"2020-01-20T11:46:44","date_gmt":"2020-01-20T11:46:44","guid":{"rendered":"http:\/\/tramacultura.org\/?page_id=5637"},"modified":"2020-01-20T11:52:22","modified_gmt":"2020-01-20T11:52:22","slug":"vindicacions-5","status":"publish","type":"page","link":"https:\/\/tramacultura.org\/?page_id=5637","title":{"rendered":"# Vindicacions"},"content":{"rendered":"\n<div class=\"wp-block-image\"><figure class=\"aligncenter is-resized\"><img loading=\"lazy\" decoding=\"async\" src=\"http:\/\/tramacultura.org\/w\/wp-content\/uploads\/2020\/01\/image1.jpg\" alt=\"\" class=\"wp-image-5638\" width=\"610\" height=\"497\" srcset=\"https:\/\/tramacultura.org\/wp-content\/uploads\/2020\/01\/image1.jpg 800w, https:\/\/tramacultura.org\/wp-content\/uploads\/2020\/01\/image1-300x245.jpg 300w, https:\/\/tramacultura.org\/wp-content\/uploads\/2020\/01\/image1-768x627.jpg 768w, https:\/\/tramacultura.org\/wp-content\/uploads\/2020\/01\/image1-700x571.jpg 700w, https:\/\/tramacultura.org\/wp-content\/uploads\/2020\/01\/image1-332x271.jpg 332w\" sizes=\"auto, (max-width: 610px) 100vw, 610px\" \/><\/figure><\/div>\n\n\n\n<p class=\"has-text-color has-vivid-red-color\"><strong>T\u00edtol:<\/strong><\/p>\n\n\n\n<p>Vindicacions<br><\/p>\n\n\n\n<p class=\"has-text-color has-vivid-red-color\"><strong>Descripci\u00f3:&nbsp;<\/strong><\/p>\n\n\n\n<p>A trav\u00e9s de dos personatges molt diferents entre si, ens endinsarem en les diferents discriminacions i desigualtats de g\u00e8nere tot barrejant l\u2019humor, el drama i l\u2019an\u00e0lisi cr\u00edtica. I valent-nos de diferents formats com la poesia, els mon\u00f2legs, les escenes teatrals i els sketchs, prendrem la veu de dones d\u2019ara, d\u2019abans i d\u2019arreu, escoltarem les seves vindicacions i reflexionarem col\u00b7lectivament sobre els lligams entre els rols i les estructures de poder.<br><\/p>\n\n\n\n<p class=\"has-text-color has-vivid-red-color\"><strong>Objectius:&nbsp;<\/strong><\/p>\n\n\n\n<p>&#8211; Promoure la sensibilitzaci\u00f3 i la reflexi\u00f3 cr\u00edtica sobre la situaci\u00f3 de les dones, mitjan\u00e7ant l\u2019art dram\u00e0tic.<br><\/p>\n\n\n\n<p>&#8211; Apropar-nos al fenomen de la viol\u00e8ncia masclista i a la defensa de la igualtat a trav\u00e9s de la pr\u00f2pia veu de les dones i de les seves reivindicacions i lluites.<br><\/p>\n\n\n\n<p>&#8211; Sensibilitzar a partir del reconeixement i l\u2019empatia que generen la relaci\u00f3 que s\u2019estableix entre les actrius i el p\u00fablic en el debat posterior a la representaci\u00f3.<br><\/p>\n\n\n\n<p>&#8211; Q\u00fcestionar els valors androc\u00e8ntrics i patriarcals que prioritzen i valoren&nbsp; tot all\u00f2 associat a la masculinitat i menystenen i invisibilitzen all\u00f2 que s\u2019associa a la feminitat.&nbsp;<br><\/p>\n\n\n\n<p>&#8211; Debatre sobre el concepte de viol\u00e8ncia masclista i la seva representaci\u00f3 cultural. Visibilitzar les diferents tipologies de viol\u00e8ncia, la seva relaci\u00f3 amb els rols de g\u00e8nere.<br><\/p>\n\n\n\n<p class=\"has-text-color has-vivid-red-color\"><strong>Durada \u00f2ptima:<\/strong>&nbsp;<\/p>\n\n\n\n<p>90 minuts<\/p>\n\n\n\n<p><\/p>\n\n\n\n<p class=\"has-text-color has-vivid-red-color\"><strong>Fitxa t\u00e8cnica<\/strong><\/p>\n\n\n\n<ul class=\"wp-block-list\"><li><strong>Persones destinat\u00e0ries:<\/strong> Dones i p\u00fablic general<\/li><li><strong>Nombre d\u2019assistents: <\/strong>de 10 a 100&nbsp;<\/li><li><strong>Durada \u00f2ptima: <\/strong>60 minuts d\u2019espectacle i 30 minuts de debat.<\/li><li><strong>Nombre d\u2019actrius<\/strong>: 3<\/li><li><strong>Nombre t\u00e8cnic\/a:<\/strong> 1<\/li><li><strong>Muntatge: <\/strong>90 minuts abans i 60 minuts despr\u00e9s.<\/li><li><strong>Equipament (necessitats t\u00e8cniques):<\/strong> teatre o espai esc\u00e8nic. Il\u00b7luminaci\u00f3 i equip de so adequat, amb entrada minijack<\/li><\/ul>\n\n\n\n<p class=\"has-text-color has-vivid-red-color\"><strong>Fitxa art\u00edstica<\/strong><\/p>\n\n\n\n<ul class=\"wp-block-list\"><li><strong>Repartiment: <\/strong>Arola Segarra Negre, Marta Pal\u00e8ncia Coll i Mireia S. Albrich<\/li><li><strong>Ideaci\u00f3 i creaci\u00f3: <\/strong>Arola Segarra Negre, Marta Pal\u00e8ncia Coll i Mireia S. Albrich<\/li><li><strong>Dramat\u00fargia i direcci\u00f3: <\/strong>Arola Segarra Negre<\/li><li><strong>Escenografia i vestuari:<\/strong> Trama SCCL<\/li><\/ul>\n\n\n\n<p class=\"has-text-color has-vivid-red-color\"><strong>Tr\u00e0iler<\/strong><\/p>\n\n\n\n<iframe loading=\"lazy\" width=\"560\" height=\"315\" src=\"https:\/\/www.youtube.com\/embed\/8Lc-4HJgPmU\" frameborder=\"0\" allow=\"accelerometer; autoplay; encrypted-media; gyroscope; picture-in-picture\" allowfullscreen><\/iframe>\n","protected":false},"excerpt":{"rendered":"<p>T\u00edtol: Vindicacions Descripci\u00f3:&nbsp; A trav\u00e9s de dos personatges molt diferents entre si, ens endinsarem en les diferents discriminacions i desigualtats de g\u00e8nere tot barrejant l\u2019humor, el drama i l\u2019an\u00e0lisi cr\u00edtica. I valent-nos de diferents formats com la poesia, els mon\u00f2legs, les escenes teatrals i els sketchs, prendrem la veu de &#8230;<\/p>\n","protected":false},"author":1,"featured_media":0,"parent":0,"menu_order":0,"comment_status":"closed","ping_status":"closed","template":"","meta":{"footnotes":""},"class_list":["post-5637","page","type-page","status-publish","hentry","column","threecol"],"_links":{"self":[{"href":"https:\/\/tramacultura.org\/index.php?rest_route=\/wp\/v2\/pages\/5637","targetHints":{"allow":["GET"]}}],"collection":[{"href":"https:\/\/tramacultura.org\/index.php?rest_route=\/wp\/v2\/pages"}],"about":[{"href":"https:\/\/tramacultura.org\/index.php?rest_route=\/wp\/v2\/types\/page"}],"author":[{"embeddable":true,"href":"https:\/\/tramacultura.org\/index.php?rest_route=\/wp\/v2\/users\/1"}],"replies":[{"embeddable":true,"href":"https:\/\/tramacultura.org\/index.php?rest_route=%2Fwp%2Fv2%2Fcomments&post=5637"}],"version-history":[{"count":7,"href":"https:\/\/tramacultura.org\/index.php?rest_route=\/wp\/v2\/pages\/5637\/revisions"}],"predecessor-version":[{"id":5646,"href":"https:\/\/tramacultura.org\/index.php?rest_route=\/wp\/v2\/pages\/5637\/revisions\/5646"}],"wp:attachment":[{"href":"https:\/\/tramacultura.org\/index.php?rest_route=%2Fwp%2Fv2%2Fmedia&parent=5637"}],"curies":[{"name":"wp","href":"https:\/\/api.w.org\/{rel}","templated":true}]}}

<div class="wp-block-image"><figure class="aligncenter is-resized"><img loading="lazy" decoding="async" src="http://tramacultura.org/w/wp-content/uploads/2020/01/image1.jpg" alt="" class="wp-image-5638" width="610" height="497" srcset="https://tramacultura.org/wp-content/uploads/2020/01/image1.jpg 800w, https://tramacultura.org/wp-content/uploads/2020/01/image1-300x245.jpg 300w, https://tramacultura.org/wp-content/uploads/2020/01/image1-768x627.jpg 768w, https://tramacultura.org/wp-content/uploads/2020/01/image1-700x571.jpg 700w, https://tramacultura.org/wp-content/uploads/2020/01/image1-332x271.jpg 332w" sizes="auto, (max-width: 610px) 100vw, 610px" /></figure></div>



<p class="has-text-color has-vivid-red-color"><strong>Títol:</strong></p>



<p>Vindicacions<br></p>



<p class="has-text-color has-vivid-red-color"><strong>Descripció:&nbsp;</strong></p>



<p>A través de dos personatges molt diferents entre si, ens endinsarem en les diferents discriminacions i desigualtats de gènere tot barrejant l’humor, el drama i l’anàlisi crítica. I valent-nos de diferents formats com la poesia, els monòlegs, les escenes teatrals i els sketchs, prendrem la veu de dones d’ara, d’abans i d’arreu, escoltarem les seves vindicacions i reflexionarem col·lectivament sobre els lligams entre els rols i les estructures de poder.<br></p>



<p class="has-text-color has-vivid-red-color"><strong>Objectius:&nbsp;</strong></p>



<p>&#8211; Promoure la sensibilització i la reflexió crítica sobre la situació de les dones, mitjançant l’art dramàtic.<br></p>



<p>&#8211; Apropar-nos al fenomen de la violència masclista i a la defensa de la igualtat a través de la pròpia veu de les dones i de les seves reivindicacions i lluites.<br></p>



<p>&#8211; Sensibilitzar a partir del reconeixement i l’empatia que generen la relació que s’estableix entre les actrius i el públic en el debat posterior a la representació.<br></p>



<p>&#8211; Qüestionar els valors androcèntrics i patriarcals que prioritzen i valoren&nbsp; tot allò associat a la masculinitat i menystenen i invisibilitzen allò que s’associa a la feminitat.&nbsp;<br></p>



<p>&#8211; Debatre sobre el concepte de violència masclista i la seva representació cultural. Visibilitzar les diferents tipologies de violència, la seva relació amb els rols de gènere.<br></p>



<p class="has-text-color has-vivid-red-color"><strong>Durada òptima:</strong>&nbsp;</p>



<p>90 minuts</p>



<p></p>



<p class="has-text-color has-vivid-red-color"><strong>Fitxa tècnica</strong></p>



<ul class="wp-block-list"><li><strong>Persones destinatàries:</strong> Dones i públic general</li><li><strong>Nombre d’assistents: </strong>de 10 a 100&nbsp;</li><li><strong>Durada òptima: </strong>60 minuts d’espectacle i 30 minuts de debat.</li><li><strong>Nombre d’actrius</strong>: 3</li><li><strong>Nombre tècnic/a:</strong> 1</li><li><strong>Muntatge: </strong>90 minuts abans i 60 minuts després.</li><li><strong>Equipament (necessitats tècniques):</strong> teatre o espai escènic. Il·luminació i equip de so adequat, amb entrada minijack</li></ul>



<p class="has-text-color has-vivid-red-color"><strong>Fitxa artística</strong></p>



<ul class="wp-block-list"><li><strong>Repartiment: </strong>Arola Segarra Negre, Marta Palència Coll i Mireia S. Albrich</li><li><strong>Ideació i creació: </strong>Arola Segarra Negre, Marta Palència Coll i Mireia S. Albrich</li><li><strong>Dramatúrgia i direcció: </strong>Arola Segarra Negre</li><li><strong>Escenografia i vestuari:</strong> Trama SCCL</li></ul>



<p class="has-text-color has-vivid-red-color"><strong>Tràiler</strong></p>



<iframe loading="lazy" width="560" height="315" src="https://www.youtube.com/embed/8Lc-4HJgPmU" frameborder="0" allow="accelerometer; autoplay; encrypted-media; gyroscope; picture-in-picture" allowfullscreen></iframe>

<p>Títol: Vindicacions Descripció:&nbsp; A través de dos personatges molt diferents entre si, ens endinsarem en les diferents discriminacions i desigualtats de gènere tot barrejant l’humor, el drama i l’anàlisi crítica. I valent-nos de diferents formats com la poesia, els monòlegs, les escenes teatrals i els sketchs, prendrem la veu de &#8230;</p>
