{"id":5304,"date":"2018-02-05T20:04:53","date_gmt":"2018-02-05T20:04:53","guid":{"rendered":"http:\/\/tramacultura.org\/?page_id=5304"},"modified":"2018-02-05T20:05:07","modified_gmt":"2018-02-05T20:05:07","slug":"xerrades-o-tallers-joves-pensament","status":"publish","type":"page","link":"https:\/\/tramacultura.org\/?page_id=5304","title":{"rendered":"XERRADES O TALLERS \u2013 JOVES \u2013 PENSAMENT"},"content":{"rendered":"<p style=\"text-align: justify;\"><span style=\"color: #000000;\">SESSI\u00d3 \u00daNICA DE 90 O 120 MINUTS<\/span><\/p>\n<p style=\"text-align: justify;\"><span style=\"color: #ffffff;\">.<\/span><\/p>\n<p style=\"text-align: justify;\"><span style=\"color: #ff0000;\"><span style=\"font-weight: 600;\"># Bio\u00e8tica<\/span><\/span><\/p>\n<p style=\"text-align: justify;\">La bio\u00e8tica, la branca de la filosofia dedicada a l\u2019<em style=\"font-weight: inherit; font-style: italic;\">\u00e8tica de la vida<\/em>, est\u00e0 cobrant cada cop m\u00e9s import\u00e0ncia, ajudant-nos a afrontar algunes de les decisions m\u00e9s complicades que podem prendre avui dia: \u00e9s correcte experimentar amb altres animals? \u00c9s moral avortar? I ajudar a morir? Mitjan\u00e7ant el joc, la reflexi\u00f3 i el debat, abordarem aquestes i altres decisions i intentarem extreure conclusions des d\u2019una perspectiva \u00e8tica.<\/p>\n<p style=\"text-align: justify;\"><span style=\"color: #ffffff;\">.<\/span><\/p>\n<p style=\"text-align: justify;\"><span style=\"font-weight: 600;\"><span style=\"color: #ff0000;\"># Ci\u00e8ncia (i) Ficci\u00f3<\/span><\/span><\/p>\n<p style=\"text-align: justify;\">Criatures sorgides de la literatura, el cinema, el c\u00f2mic o les s\u00e8ries de televisi\u00f3, ens ajudaran a explorar els l\u00edmits de la identitat, la ment i el cos hum\u00e0. Partint de la ci\u00e8ncia i a trav\u00e9s de la ficci\u00f3, viatjarem pel temps i l\u2019espai i reflexionarem sobre temes com la modificaci\u00f3 gen\u00e8tica o la relaci\u00f3 entre humanitat i tecnologia.<\/p>\n<p style=\"text-align: justify;\"><span style=\"color: #ffffff;\">.<\/span><\/p>\n<p style=\"text-align: justify;\"><span style=\"color: #ff0000;\"><strong># Dones i ci\u00e8ncia<\/strong><\/span><\/p>\n<p style=\"text-align: justify;\">Tenen sexe els cervells? Com ens influeixen les hormones? Els cossos condicionen la nostra identitat? La ci\u00e8ncia s&#8217;ha erigit com a garant de l&#8217;objectivitat i a trav\u00e9s de la biologia, la teoria de l&#8217;evoluci\u00f3 o la neurologia entre altres disciplines vinculades al paraigua cient\u00edfic es justifiquen, reafirmen i promouen difer\u00e8ncies i desigualtats. Ens preguntarem l&#8217;objectivitat real d&#8217;aquests estudis i q\u00fcestionarem \u00ables veritats\u00bb universals que ens ofereixen.<\/p>\n<p style=\"text-align: justify;\"><span style=\"color: #ffffff;\">.<\/span><\/p>\n<p style=\"text-align: justify;\"><span style=\"font-weight: 600;\"><span style=\"color: #ff0000;\"># Dones i salut<\/span><\/span><\/p>\n<p style=\"text-align: justify;\">La ci\u00e8ncia m\u00e8dica ha ignorat i menystingut els cicles de vida, els processos de canvi i les malalties que experimentem les dones. La cultura i la societat han fomentat visions estereotipades i han invisibilitzat all\u00f2 que envolta la nostra salut. Aix\u00f2 afecta la nostra qualitat de vida i ens exposa a situacions de viol\u00e8ncia que normalitzem. Reflexionarem sobre els cicles de vida, l\u2019atenci\u00f3 sanit\u00e0ria, el menyspreu cultural de la nostra salut i la medicina alternativa des d\u2019una perspectiva de g\u00e8nere.<\/p>\n<p style=\"text-align: justify;\"><span style=\"font-weight: 400; color: #ffffff;\">.<\/span><\/p>\n<p style=\"text-align: justify;\"><span style=\"color: #ff0000;\"><span style=\"font-weight: 600;\"># Humanitat i tecnologia: una mirada al futur a trav\u00e9s del cinema<\/span><\/span><\/p>\n<p style=\"text-align: justify;\">Qu\u00e8 ens fa humans? Quin paper juga la tecnologia en la definici\u00f3 de la nostra identitat? Farem un viatge audiovisual en el temps a trav\u00e9s de temes com la dualitat hum\u00e0 -m\u00e0quina, la modificaci\u00f3 gen\u00e8tica o les tecnologies de la informaci\u00f3 i descobrirem qu\u00e8 ens diu el cinema sobre el futur de la humanitat.<\/p>\n<p style=\"text-align: justify;\"><span style=\"color: #ffffff;\">.<\/span><\/p>\n<p style=\"text-align: justify;\"><span style=\"font-weight: 600;\"><span style=\"color: #ff0000;\"># Identitats<\/span><\/span><\/p>\n<p style=\"text-align: justify;\">Qu\u00e8 ens fa ser el que som? Fins a quin punt determina la nostra identitat el sexe, l\u2019\u00e8tnia o la cultura? Qu\u00e8 ens fa iguals o diferents de la resta i en quina mesura determina aix\u00f2 els nostres drets i responsabilitats? A partir de la filosofia, la sociologia i la neuroci\u00e8ncia, reflexionarem sobre el concepte d\u2019identitat i la seva relaci\u00f3 amb l\u2019exclusi\u00f3 i les desigualtats socials.<\/p>\n","protected":false},"excerpt":{"rendered":"<p>SESSI\u00d3 \u00daNICA DE 90 O 120 MINUTS . # Bio\u00e8tica La bio\u00e8tica, la branca de la filosofia dedicada a l\u2019\u00e8tica de la vida, est\u00e0 cobrant cada cop m\u00e9s import\u00e0ncia, ajudant-nos a afrontar algunes de les decisions m\u00e9s complicades que podem prendre avui dia: \u00e9s correcte experimentar amb altres animals? \u00c9s &#8230;<\/p>\n","protected":false},"author":1,"featured_media":0,"parent":0,"menu_order":0,"comment_status":"closed","ping_status":"closed","template":"","meta":{"footnotes":""},"class_list":["post-5304","page","type-page","status-publish","hentry","column","threecol"],"_links":{"self":[{"href":"https:\/\/tramacultura.org\/index.php?rest_route=\/wp\/v2\/pages\/5304","targetHints":{"allow":["GET"]}}],"collection":[{"href":"https:\/\/tramacultura.org\/index.php?rest_route=\/wp\/v2\/pages"}],"about":[{"href":"https:\/\/tramacultura.org\/index.php?rest_route=\/wp\/v2\/types\/page"}],"author":[{"embeddable":true,"href":"https:\/\/tramacultura.org\/index.php?rest_route=\/wp\/v2\/users\/1"}],"replies":[{"embeddable":true,"href":"https:\/\/tramacultura.org\/index.php?rest_route=%2Fwp%2Fv2%2Fcomments&post=5304"}],"version-history":[{"count":1,"href":"https:\/\/tramacultura.org\/index.php?rest_route=\/wp\/v2\/pages\/5304\/revisions"}],"predecessor-version":[{"id":5305,"href":"https:\/\/tramacultura.org\/index.php?rest_route=\/wp\/v2\/pages\/5304\/revisions\/5305"}],"wp:attachment":[{"href":"https:\/\/tramacultura.org\/index.php?rest_route=%2Fwp%2Fv2%2Fmedia&parent=5304"}],"curies":[{"name":"wp","href":"https:\/\/api.w.org\/{rel}","templated":true}]}}