{"id":5288,"date":"2018-02-05T18:10:17","date_gmt":"2018-02-05T18:10:17","guid":{"rendered":"http:\/\/tramacultura.org\/?page_id=5288"},"modified":"2021-09-20T14:28:55","modified_gmt":"2021-09-20T14:28:55","slug":"xerrades-o-tallers-generals-pensament","status":"publish","type":"page","link":"https:\/\/tramacultura.org\/?page_id=5288","title":{"rendered":"XERRADES O TALLERS \u2013 GENERALS \u2013 PENSAMENT"},"content":{"rendered":"<p style=\"text-align: justify;\"><span style=\"color: #000000;\">SESSI\u00d3 \u00daNICA DE 90 O 120 MINUTS<\/span><\/p>\n<p style=\"text-align: justify;\"><span style=\"color: #ffffff;\">.<\/span><\/p>\n<p style=\"text-align: justify;\"><span style=\"color: #ffffff;\">.<\/span><span style=\"font-weight: 600;\"><span style=\"color: #ff0000;\"># Dones i salut<\/span><\/span><\/p>\n<p style=\"text-align: justify;\">La ci\u00e8ncia m\u00e8dica ha ignorat i menystingut els cicles de vida, els processos de canvi i les malalties que experimentem les dones. La cultura i la societat han fomentat visions estereotipades i han invisibilitzat all\u00f2 que envolta la nostra salut. Aix\u00f2 afecta la nostra qualitat de vida i ens exposa a situacions de viol\u00e8ncia que normalitzem. Reflexionarem sobre els cicles de vida, l\u2019atenci\u00f3 sanit\u00e0ria, el menyspreu cultural de la nostra salut i la medicina alternativa des d\u2019una perspectiva de g\u00e8nere.<\/p>\n<p style=\"text-align: justify;\"><span style=\"font-weight: 600;\"><span style=\"color: #ff0000;\"># Identitats<\/span><\/span><\/p>\n<p style=\"text-align: justify;\">Qu\u00e8 ens fa ser el que som? Fins a quin punt determina la nostra identitat el sexe, l\u2019\u00e8tnia o la cultura? Qu\u00e8 ens fa iguals o diferents de la resta i en quina mesura determina aix\u00f2 els nostres drets i responsabilitats? A partir de la filosofia, la sociologia i la neuroci\u00e8ncia, reflexionarem sobre el concepte d\u2019identitat i la seva relaci\u00f3 amb l\u2019exclusi\u00f3 i les desigualtats socials.<\/p>\n<p style=\"text-align: justify;\"><span style=\"color: #ff0000;\"><span style=\"font-weight: 600;\"># Del llenguatge a la igualtat<\/span><\/span><\/p>\n<p style=\"text-align: justify;\"><span style=\"color: #000000;\">Ens pot ajudar el llenguatge a tendir cap a una societat m\u00e9s justa i equitativa? A trav\u00e9s de l\u2019an\u00e0lisi de missatges orals, escrits i simb\u00f2lics de la publicitat, els mitjans de comunicaci\u00f3 i les xarxes socials, reflexionarem sobre la import\u00e0ncia social de la llengua, descobrirem els prejudicis impl\u00edcits en els processos comunicatius i aprendrem a fer un \u00fas no discriminatori del llenguatge per tal de fomentar la igualtat.<\/span><\/p>\n<p style=\"text-align: justify;\"><span style=\"color: #ffffff;\">.<\/span><\/p>\n<p style=\"text-align: justify;\"><span style=\"color: #ffffff;\">.<\/span><\/p>\n","protected":false},"excerpt":{"rendered":"<p>SESSI\u00d3 \u00daNICA DE 90 O 120 MINUTS . .# Dones i salut La ci\u00e8ncia m\u00e8dica ha ignorat i menystingut els cicles de vida, els processos de canvi i les malalties que experimentem les dones. La cultura i la societat han fomentat visions estereotipades i han invisibilitzat all\u00f2 que envolta la &#8230;<\/p>\n","protected":false},"author":1,"featured_media":0,"parent":0,"menu_order":0,"comment_status":"closed","ping_status":"closed","template":"","meta":{"footnotes":""},"class_list":["post-5288","page","type-page","status-publish","hentry","column","threecol"],"_links":{"self":[{"href":"https:\/\/tramacultura.org\/index.php?rest_route=\/wp\/v2\/pages\/5288","targetHints":{"allow":["GET"]}}],"collection":[{"href":"https:\/\/tramacultura.org\/index.php?rest_route=\/wp\/v2\/pages"}],"about":[{"href":"https:\/\/tramacultura.org\/index.php?rest_route=\/wp\/v2\/types\/page"}],"author":[{"embeddable":true,"href":"https:\/\/tramacultura.org\/index.php?rest_route=\/wp\/v2\/users\/1"}],"replies":[{"embeddable":true,"href":"https:\/\/tramacultura.org\/index.php?rest_route=%2Fwp%2Fv2%2Fcomments&post=5288"}],"version-history":[{"count":3,"href":"https:\/\/tramacultura.org\/index.php?rest_route=\/wp\/v2\/pages\/5288\/revisions"}],"predecessor-version":[{"id":6015,"href":"https:\/\/tramacultura.org\/index.php?rest_route=\/wp\/v2\/pages\/5288\/revisions\/6015"}],"wp:attachment":[{"href":"https:\/\/tramacultura.org\/index.php?rest_route=%2Fwp%2Fv2%2Fmedia&parent=5288"}],"curies":[{"name":"wp","href":"https:\/\/api.w.org\/{rel}","templated":true}]}}