{"id":5286,"date":"2018-02-05T18:03:56","date_gmt":"2018-02-05T18:03:56","guid":{"rendered":"http:\/\/tramacultura.org\/?page_id=5286"},"modified":"2021-09-20T14:24:12","modified_gmt":"2021-09-20T14:24:12","slug":"xerrades-o-tallers-generals-equitat","status":"publish","type":"page","link":"https:\/\/tramacultura.org\/?page_id=5286","title":{"rendered":"XERRADES O TALLERS \u2013 GENERALS \u2013 EQUITAT"},"content":{"rendered":"<p style=\"text-align: justify;\"><span style=\"color: #000000;\">SESSI\u00d3 \u00daNICA DE 90 O 120 MINUTS<\/span><\/p>\n<p style=\"text-align: justify;\"><span style=\"color: #ffffff;\">.<\/span><\/p>\n<p style=\"text-align: justify;\"><span style=\"font-weight: 600;\"><span style=\"color: #ff0000;\"># Desactivem els masclismes quotidians<\/span><\/span><\/p>\n<p style=\"text-align: justify;\">Exercim viol\u00e8ncia amb les nostres paraules, actituds i comportaments en el nostre dia a dia? Perpetuem i reforcem, sense ser-ne conscients, la desigualtat, el masclisme i la viol\u00e8ncia de g\u00e8nere? A trav\u00e9s del visionament d\u2019imatges i peces audiovisuals i del debat participatiu o de din\u00e0miques l\u00fadiques i teatrals, reflexionarem sobre els masclismes quotidians presents en els rols i relacions socials, l\u2019ocupaci\u00f3 de l\u2019espai o l\u2019\u00fas de la paraula per tal de fomentar una societat m\u00e9s equitativa i respectuosa, lliure de discriminacions i viol\u00e8ncies.<\/p>\n<p style=\"text-align: justify;\"><span style=\"color: #ffffff;\">.<\/span><\/p>\n<p style=\"text-align: justify;\"><span style=\"font-weight: 400; color: #ffffff;\">.<\/span><strong><span style=\"color: #ff0000;\"># Sexualitats<\/span><\/strong><\/p>\n<p style=\"text-align: justify;\"><span style=\"font-weight: 400;\">A partir del cinema, la televisi\u00f3, la publicitat i els videoclips, reflexionarem sobre les representacions de l\u2019erotisme, la bellesa, els cossos i els estereotips de g\u00e8nere. Debatrem de forma participativa sobre les identitats i orientacions sexuals, les relacions sexo-afectives i la viol\u00e8ncia masclista.<\/span><\/p>\n<p style=\"text-align: justify;\"><span style=\"font-weight: 400; color: #ffffff;\">.<\/span><\/p>\n<p style=\"text-align: justify;\"><span style=\"color: #ff0000;\"><strong># <i>Teixim mem\u00f2ria!<\/i> Dones en la Hist\u00f2ria<\/strong><\/span><\/p>\n<p style=\"text-align: justify;\"><span style=\"font-weight: 400;\">On s\u00f3n les dones en la Hist\u00f2ria? Ens preguntarem perqu\u00e8 han estat invisibilitzades i descobrirem les dificultats, lluites i conquestes de col\u00b7lectius femenins i dones destacades al llarg del temps. Recuperarem part de la nostra mem\u00f2ria a trav\u00e9s de la seva mirada i valorarem les seves aportacions al progr\u00e9s de la societat.<\/span><\/p>\n<p style=\"text-align: justify;\">\n","protected":false},"excerpt":{"rendered":"<p>SESSI\u00d3 \u00daNICA DE 90 O 120 MINUTS . # Desactivem els masclismes quotidians Exercim viol\u00e8ncia amb les nostres paraules, actituds i comportaments en el nostre dia a dia? Perpetuem i reforcem, sense ser-ne conscients, la desigualtat, el masclisme i la viol\u00e8ncia de g\u00e8nere? A trav\u00e9s del visionament d\u2019imatges i peces &#8230;<\/p>\n","protected":false},"author":1,"featured_media":0,"parent":0,"menu_order":0,"comment_status":"closed","ping_status":"closed","template":"","meta":{"footnotes":""},"class_list":["post-5286","page","type-page","status-publish","hentry","column","threecol"],"_links":{"self":[{"href":"https:\/\/tramacultura.org\/index.php?rest_route=\/wp\/v2\/pages\/5286","targetHints":{"allow":["GET"]}}],"collection":[{"href":"https:\/\/tramacultura.org\/index.php?rest_route=\/wp\/v2\/pages"}],"about":[{"href":"https:\/\/tramacultura.org\/index.php?rest_route=\/wp\/v2\/types\/page"}],"author":[{"embeddable":true,"href":"https:\/\/tramacultura.org\/index.php?rest_route=\/wp\/v2\/users\/1"}],"replies":[{"embeddable":true,"href":"https:\/\/tramacultura.org\/index.php?rest_route=%2Fwp%2Fv2%2Fcomments&post=5286"}],"version-history":[{"count":4,"href":"https:\/\/tramacultura.org\/index.php?rest_route=\/wp\/v2\/pages\/5286\/revisions"}],"predecessor-version":[{"id":6012,"href":"https:\/\/tramacultura.org\/index.php?rest_route=\/wp\/v2\/pages\/5286\/revisions\/6012"}],"wp:attachment":[{"href":"https:\/\/tramacultura.org\/index.php?rest_route=%2Fwp%2Fv2%2Fmedia&parent=5286"}],"curies":[{"name":"wp","href":"https:\/\/api.w.org\/{rel}","templated":true}]}}