{"id":5267,"date":"2018-02-05T12:38:54","date_gmt":"2018-02-05T12:38:54","guid":{"rendered":"http:\/\/tramacultura.org\/?page_id=5267"},"modified":"2018-02-05T12:38:54","modified_gmt":"2018-02-05T12:38:54","slug":"monografics-pensament","status":"publish","type":"page","link":"https:\/\/tramacultura.org\/?page_id=5267","title":{"rendered":"MONOGR\u00c0FICS &#8211; PENSAMENT"},"content":{"rendered":"<p style=\"text-align: justify;\">DE 3 A 10 SESSIONS DE 90 O 120 MINUTS<\/p>\n<p style=\"text-align: justify;\"><span style=\"color: rgb(255, 255, 255);\">.<\/span><\/p>\n<p style=\"text-align: justify;\"><strong><span style=\"color: #ff0000;\"># Antropologia del desig<\/span><\/strong><\/p>\n<p style=\"text-align: justify;\">L\u2019expresi\u00f3 de la sexualitat est\u00e0 impregnada de societat i cultura i no es pot reduir al model m\u00e8dic o biol\u00f2gic. Entendre que les dones i els homes ens constru\u00efm socialment i incorporem la cultura en les nostres estructures m\u00e9s elementals de pensament ens apropa a entendre les nostres pr\u00f2pies pulsions sexuals, desitjos i plaers: tamb\u00e9 deslocalitzar-les d\u2019aquella naturalesa innata\/pre i determinada\/ineludible\/inevitable\/homog\u00e8nia. De la m\u00e0 dels estudis etnol\u00f2gics i de l\u2019antropologia cultural revisarem les conductes, les actituds i les creences sexuals en tota la seva diversitat. I no donarem l\u2019esquena a la ci\u00e8ncia b\u00e0sica que s\u2019ha generat al voltant de les neuroci\u00e8ncies, la fisiologia de la conducta i la biologia humana.<br \/>\n<span style=\"color: #ffffff;\">.<\/span><\/p>\n<p style=\"color: rgb(0, 0, 0); text-align: justify;\"><strong><span style=\"color: #ff0000;\"># Antropologia de les drogues<\/span><\/strong><\/p>\n<p style=\"color: rgb(0, 0, 0); text-align: justify;\">El consum de drogues \u00e9s un fenomen universal que s\u2019emmarca en diferents contextos culturals. Aquests determinen no nom\u00e9s el significat sin\u00f3 tamb\u00e9 l\u2019experi\u00e8ncia del consum de subst\u00e0ncies com l\u2019alcohol, el c\u00e0nnabis, la coca (i la coca\u00efna), el peyote, els fongs al\u00b7lucin\u00f2gens, l\u2019ayahuasca o la ibogaina. En aquest curs, descobrirem qu\u00e8 s\u00f3n aquestes subst\u00e0ncies i analitzarem la seva funci\u00f3 i encaix en diversos rituals i contextos.<\/p>\n<p style=\"color: rgb(0, 0, 0); text-align: justify;\"><span style=\"color: #ffffff;\">.<\/span><\/p>\n<p style=\"color: rgb(0, 0, 0); text-align: justify;\"><span style=\"font-weight: inherit; font-style: inherit; color: #ff0000;\"><strong style=\"font-weight: 600; font-style: inherit;\"># Bio\u00e8tica<\/strong><\/span><\/p>\n<p style=\"color: rgb(0, 0, 0); text-align: justify;\">La bio\u00e8tica, la branca de la filosofia dedicada a l\u2019<em style=\"font-weight: inherit; font-style: italic;\">\u00e8tica de la vida<\/em>, est\u00e0 cobrant cada cop m\u00e9s import\u00e0ncia, ajudant-nos a afrontar algunes de les decisions m\u00e9s complicades que podem prendre avui dia: \u00e9s correcte experimentar amb altres animals? \u00c9s moral avortar? I ajudar a morir? Mitjan\u00e7ant el joc, la reflexi\u00f3 i el debat, abordarem aquestes i altres decisions i intentarem extreure conclusions des d\u2019una perspectiva \u00e8tica.<\/p>\n<p style=\"color: rgb(0, 0, 0); text-align: justify;\"><span style=\"color: #ffffff;\">.<\/span><\/p>\n<p style=\"text-align: justify;\"><strong><span style=\"color: #ff0000;\"># Ci\u00e8ncia (i) Ficci\u00f3<\/span><\/strong><\/p>\n<p style=\"text-align: justify;\"><span style=\"font-weight: 400;\">Criatures sorgides de la literatura, el cinema, el c\u00f2mic o les s\u00e8ries de televisi\u00f3, ens ajudaran a explorar els l\u00edmits de la identitat, la ment i el cos hum\u00e0. Partint de la ci\u00e8ncia i a trav\u00e9s de la ficci\u00f3, viatjarem pel temps i l\u2019espai i reflexionarem sobre temes com la modificaci\u00f3 gen\u00e8tica o la relaci\u00f3 entre humanitat i tecnologia.<\/span><\/p>\n<p style=\"text-align: justify;\"><span style=\"font-weight: 400; color: #ffffff;\">.<\/span><\/p>\n<p style=\"text-align: justify;\"><span style=\"color: rgb(255, 0, 0);\"><strong># Desnaturalitzant opressions: la ci\u00e8ncia amb perspectiva de g\u00e8nere<\/strong><\/span><\/p>\n<p style=\"text-align: justify;\"><span style=\"font-weight: 400;\">La ci\u00e8ncia s\u2019ha erigit com a garant de l\u2019objectivitat i a trav\u00e9s de la biologia, la teoria de l\u2019evoluci\u00f3 o la neurologia, entre d&#8217;altres, justifica, reafirma i promou difer\u00e8ncies, desigualtats i viol\u00e8ncies envers les dones alhora que patologitza la diversitat de g\u00e8nere, sexual i afectiva. Ens preguntarem quina \u00e9s la finalitat d&#8217;aquests estudis, qu\u00e8 amaguen al darrere i com desmuntar el seu argumentari amb la voluntat de construir un imaginari i un discurs cient\u00edfic que promoguin l&#8217;equitat.<\/span><\/p>\n<p style=\"text-align: justify;\"><span style=\"font-weight: 400; color: #ffffff;\">.<\/span><\/p>\n<p style=\"text-align: justify;\"><strong><span style=\"color: #ff0000;\"># Dones i salut<\/span><\/strong><\/p>\n<p style=\"text-align: justify;\"><span style=\"font-weight: 400;\">La ci\u00e8ncia m\u00e8dica ha ignorat i menystingut els cicles de vida, els processos de canvi i les malalties que experimentem les dones. La cultura i la societat han fomentat visions estereotipades i han invisibilitzat all\u00f2 que envolta la nostra salut. Aix\u00f2 afecta la nostra qualitat de vida i ens exposa a situacions de viol\u00e8ncia que normalitzem. Reflexionarem sobre els cicles de vida, l\u2019atenci\u00f3 sanit\u00e0ria, el menyspreu cultural de la nostra salut i la medicina alternativa des d\u2019una perspectiva de g\u00e8nere.<\/span><\/p>\n<p style=\"text-align: justify;\"><span style=\"color: #ffffff;\">.<\/span><\/p>\n<p style=\"text-align: justify;\"><strong><span style=\"color: #ff0000;\"># F\u00edsica i forense<\/span><\/strong><\/p>\n<p style=\"text-align: justify;\"><span style=\"color: #f2f2f2;\"><span style=\"color: #000000;\">Ens aproximarem\u00a0a les ci\u00e8ncies f\u00edsiques i forenses que tenen la dif\u00edcil tasca de descriure i quantificar en base al m\u00e8tode cient\u00edfic la variabilitat humana. Revisarem la traject\u00f2ria d&#8217;una disciplina que estudia l&#8217;evoluci\u00f3 humana i tracta de recrear models que expliquin els vectors evolutius. Visitarem els darrers estudis en neuroci\u00e8ncies, biologia de poblacions humanes, nanotecnologia,\u00a0etc.\u00a0que tracten d&#8217;introdu\u00efr nous paradigmes cient\u00edfics i nous marcs te\u00f2rics-explicatius i analitzarem les falles identificades en els paradigmes actuals i vigents.<\/span><\/span><span style=\"color: #f2f2f2;\">\u00a0<\/span><\/p>\n<p style=\"text-align: justify;\"><span style=\"color: #ffffff;\">.<\/span><\/p>\n<p style=\"text-align: justify;\"><span style=\"color: rgb(255, 0, 0);\"><strong># Humanitat i tecnologia: una mirada al futur a trav\u00e9s del cinema<\/strong><\/span><\/p>\n<p style=\"text-align: justify;\"><span style=\"font-weight: 400;\">Qu\u00e8 ens fa humans? Quin paper juga la tecnologia en la definici\u00f3 de la nostra identitat? Farem un viatge audiovisual en el temps a trav\u00e9s de temes com la dualitat hum\u00e0 -m\u00e0quina, la modificaci\u00f3 gen\u00e8tica o les tecnologies de la informaci\u00f3 i descobrirem qu\u00e8 ens diu el cinema sobre el futur de la humanitat.<\/span><\/p>\n<p style=\"text-align: justify;\"><span style=\"font-weight: 400; color: #ffffff;\">.<\/span><\/p>\n<p style=\"text-align: justify;\"><strong><span style=\"color: #ff0000;\"># Identitats<\/span><\/strong><\/p>\n<p style=\"font-weight: 400; text-align: justify;\">Qu\u00e8 ens fa ser el que som? Fins a quin punt determina la nostra identitat el sexe, l\u2019\u00e8tnia o la cultura? Qu\u00e8 ens fa iguals o diferents de la resta i en quina mesura determina aix\u00f2 els nostres drets i responsabilitats? A partir de la filosofia, la sociologia i la neuroci\u00e8ncia, reflexionarem sobre el concepte d\u2019identitat i la seva relaci\u00f3 amb l\u2019exclusi\u00f3 i les desigualtats socials.<\/p>\n<p style=\"font-weight: 400; text-align: justify;\"><span style=\"color: #ffffff;\">.<\/span><\/p>\n<p style=\"text-align: justify;\"><span style=\"color: #ff0000;\"><strong># Ment, emocions i identitat humana<\/strong><\/span><\/p>\n<p style=\"text-align: justify;\"><span style=\"color: #000000;\">Com hem constru\u00eft la nostra imatge al llarg de la hist\u00f2ria? Qu\u00e8 vol dir ser persona? Hi ha l\u00edmits \u00e8tics per al coneixement i la ci\u00e8ncia? Qu\u00e8 tenim en com\u00fa amb altres \u00e9ssers no humans i quina relaci\u00f3 mantenim? \u00c9s possible deslliurar-nos dels prejudicis? Partint de disciplines com la filosofia, la psicologia i la neuroci\u00e8ncia farem un viatge per la construcci\u00f3 de la nostra identitat, de com sentim, pensem i argumentem, i esbrinar qu\u00e8 \u00e9s all\u00f2 que anomenem naturalesa humana. T\u2019atreveixes a descobrir-te?<\/span><\/p>\n<p style=\"text-align: justify;\"><span style=\"color: #ffffff;\">.<\/span><\/p>\n<p style=\"text-align: justify;\"><strong><span style=\"color: #ff0000;\"># Sobre la naturalesa humana<\/span><\/strong><\/p>\n<p style=\"text-align: justify;\"><span style=\"font-weight: 400;\">Qu\u00e8 defineix el que som? Com sentim, pensem i argumentem? \u00c9s possible deslliurar-nos dels prejudicis? Hi ha l\u00edmits \u00e8tics per al coneixement i la ci\u00e8ncia? Partint de diferents disciplines com la filosofia, la psicologia, la neuroci\u00e8ncia o la bio\u00e8tica, reflexionarem i debatrem sobre temes universals com la identitat, la ra\u00f3 i les emocions, la naturalesa humana i la vida.<\/span><\/p>\n","protected":false},"excerpt":{"rendered":"<p>DE 3 A 10 SESSIONS DE 90 O 120 MINUTS . # Antropologia del desig L\u2019expresi\u00f3 de la sexualitat est\u00e0 impregnada de societat i cultura i no es pot reduir al model m\u00e8dic o biol\u00f2gic. Entendre que les dones i els homes ens constru\u00efm socialment i incorporem la cultura en &#8230;<\/p>\n","protected":false},"author":1,"featured_media":0,"parent":0,"menu_order":0,"comment_status":"closed","ping_status":"closed","template":"","meta":{"footnotes":""},"class_list":["post-5267","page","type-page","status-publish","hentry","column","threecol"],"_links":{"self":[{"href":"https:\/\/tramacultura.org\/index.php?rest_route=\/wp\/v2\/pages\/5267","targetHints":{"allow":["GET"]}}],"collection":[{"href":"https:\/\/tramacultura.org\/index.php?rest_route=\/wp\/v2\/pages"}],"about":[{"href":"https:\/\/tramacultura.org\/index.php?rest_route=\/wp\/v2\/types\/page"}],"author":[{"embeddable":true,"href":"https:\/\/tramacultura.org\/index.php?rest_route=\/wp\/v2\/users\/1"}],"replies":[{"embeddable":true,"href":"https:\/\/tramacultura.org\/index.php?rest_route=%2Fwp%2Fv2%2Fcomments&post=5267"}],"version-history":[{"count":1,"href":"https:\/\/tramacultura.org\/index.php?rest_route=\/wp\/v2\/pages\/5267\/revisions"}],"predecessor-version":[{"id":5268,"href":"https:\/\/tramacultura.org\/index.php?rest_route=\/wp\/v2\/pages\/5267\/revisions\/5268"}],"wp:attachment":[{"href":"https:\/\/tramacultura.org\/index.php?rest_route=%2Fwp%2Fv2%2Fmedia&parent=5267"}],"curies":[{"name":"wp","href":"https:\/\/api.w.org\/{rel}","templated":true}]}}