{"id":5252,"date":"2018-02-05T12:01:58","date_gmt":"2018-02-05T12:01:58","guid":{"rendered":"http:\/\/tramacultura.org\/?page_id=5252"},"modified":"2019-08-30T12:20:04","modified_gmt":"2019-08-30T12:20:04","slug":"imatge","status":"publish","type":"page","link":"https:\/\/tramacultura.org\/?page_id=5252","title":{"rendered":"MONOGR\u00c0FICS &#8211; IMATGE"},"content":{"rendered":"<p style=\"text-align: justify;\"><span style=\"color: #000000;\">DE 3 A 10 SESSIONS DE 90 O 120 MINUTS<\/span><\/p>\n<p style=\"text-align: justify;\"><span style=\"color: #ffffff;\">.<\/span><\/p>\n<p style=\"text-align: justify;\"><span style=\"color: #ff0000;\"><strong># Descobrim el cinema!<\/strong><\/span><\/p>\n<p style=\"text-align: justify;\"><span style=\"font-weight: 400;\">Per qu\u00e8 ens commou el cinema? Com es construeixen hist\u00f2ries i s\u2019expressen emocions en el mitj\u00e0 audiovisual? A partir de seq\u00fc\u00e8ncies cl\u00e0ssiques i contempor\u00e0nies, ens aproparem al llenguatge cinematogr\u00e0fic per con\u00e8ixer les possibilitats est\u00e8tiques, narratives i dram\u00e0tiques de la llum, el moviment de c\u00e0mera, la banda sonora o el muntatge. Aprendrem a analitzar les pel\u00b7l\u00edcules <\/span><span style=\"font-weight: 400;\">per descobrir qu\u00e8 s&#8217;amaga darrere del cinema<\/span><span style=\"font-weight: 400;\">.<\/span><\/p>\n<p style=\"text-align: justify;\"><span style=\"color: #ffffff;\">.<\/span><\/p>\n<p style=\"text-align: justify;\"><span style=\"color: #ff0000;\"><strong># Dones de pel\u00b7l\u00edcula<\/strong><\/span><\/p>\n<p style=\"text-align: justify;\"><span style=\"font-weight: 400;\">A partir del visionat i an\u00e0lisi de seq\u00fc\u00e8ncies, coneixerem la visi\u00f3 que ha donat de les dones el cinema, reflexionarem sobre la representaci\u00f3 de la feminitat i els estereotips de g\u00e8nere en el mitj\u00e0 audiovisual, i debatrem sobre les seves implicacions socials i culturals.<\/span><\/p>\n<p style=\"text-align: justify;\"><span style=\"font-weight: 400; color: #ffffff;\">.<\/span><\/p>\n<p style=\"font-weight: 400; text-align: justify;\"><strong><span style=\"color: #ff0000;\">#\u00a0Fotografia documental<\/span><\/strong><\/p>\n<p style=\"font-weight: 400; text-align: justify;\">Aprendrem a organitzar, realitzar i difondre un projecte de fotografia documental. Coneixerem les diferents fases de treball: preparaci\u00f3, producci\u00f3 i edici\u00f3. Ens familiaritzarem amb la narrativa visual per explorar la nostra mirada i realitzar imatges amb un punt de vista propi. Editarem i presentarem el nostre projecte.<\/p>\n<p style=\"font-weight: 400; text-align: justify;\"><span style=\"color: #ffffff;\">.<\/span><\/p>\n<p style=\"color: #000000; text-align: justify;\"><span style=\"font-weight: 600; font-style: inherit;\"><span style=\"font-weight: inherit; font-style: inherit; color: #ff0000;\">#\u00a0Iniciaci\u00f3 a la fotografia<\/span><\/span><\/p>\n<p style=\"color: #000000; text-align: justify;\">Ens familiaritzarem amb nocions b\u00e0siques de fotografia i procediments d\u2019edici\u00f3, com les funcions manuals de la c\u00e0mera, la medici\u00f3 de la llum, la composici\u00f3, la profunditat de camp, la temperatura de color, els ajustos de contrast o la saturaci\u00f3. Realitzarem els nostres propis projectes fotogr\u00e0fics i els analitzarem de forma col\u00b7lectiva.<\/p>\n<p style=\"color: #000000; text-align: justify;\"><span style=\"color: #ffffff;\">.<\/span><\/p>\n<p style=\"text-align: justify;\"><span style=\"color: #ff0000;\"><strong># <i>L\u2019art d\u2019intervenir<\/i>. Apropiaci\u00f3 art\u00edstica i cr\u00edtica social<\/strong><\/span><\/p>\n<p style=\"text-align: justify;\"><span style=\"font-weight: 400;\">La intervenci\u00f3 sobre obres d\u2019art i altres icones ha esdevingut al llarg del segle XX una aut\u00e8ntica disciplina art\u00edstica que gaireb\u00e9 sempre ha servit per contravenir els poders establerts. Aprendrem a contestar a les imatges imposades pel mercat de l\u2019art, els mitjans de comunicaci\u00f3 i la publicitat, intervenint sobre aquestes, modificant-les, transgredint-les.<\/span><\/p>\n<p style=\"text-align: justify;\"><span style=\"font-weight: 400; color: #ffffff;\">.<\/span><\/p>\n<p style=\"text-align: justify;\"><span style=\"color: #ff0000;\"><span style=\"font-weight: 600;\"># Narrativa audiovisual<\/span><\/span><\/p>\n<p style=\"text-align: justify;\">Aprofundirem en els fonaments de la narrativa que emparenten el cinema amb la literatura o les arts esc\u00e8niques i aprendrem com es construeixen les hist\u00f2ries en el mitj\u00e0 audiovisual, com es narra amb el pla, la llum, el moviment de c\u00e0mera o el so.<\/p>\n","protected":false},"excerpt":{"rendered":"<p>DE 3 A 10 SESSIONS DE 90 O 120 MINUTS . # Descobrim el cinema! Per qu\u00e8 ens commou el cinema? Com es construeixen hist\u00f2ries i s\u2019expressen emocions en el mitj\u00e0 audiovisual? A partir de seq\u00fc\u00e8ncies cl\u00e0ssiques i contempor\u00e0nies, ens aproparem al llenguatge cinematogr\u00e0fic per con\u00e8ixer les possibilitats est\u00e8tiques, narratives &#8230;<\/p>\n","protected":false},"author":1,"featured_media":0,"parent":0,"menu_order":0,"comment_status":"closed","ping_status":"closed","template":"","meta":{"footnotes":""},"class_list":["post-5252","page","type-page","status-publish","hentry","column","threecol"],"_links":{"self":[{"href":"https:\/\/tramacultura.org\/index.php?rest_route=\/wp\/v2\/pages\/5252","targetHints":{"allow":["GET"]}}],"collection":[{"href":"https:\/\/tramacultura.org\/index.php?rest_route=\/wp\/v2\/pages"}],"about":[{"href":"https:\/\/tramacultura.org\/index.php?rest_route=\/wp\/v2\/types\/page"}],"author":[{"embeddable":true,"href":"https:\/\/tramacultura.org\/index.php?rest_route=\/wp\/v2\/users\/1"}],"replies":[{"embeddable":true,"href":"https:\/\/tramacultura.org\/index.php?rest_route=%2Fwp%2Fv2%2Fcomments&post=5252"}],"version-history":[{"count":6,"href":"https:\/\/tramacultura.org\/index.php?rest_route=\/wp\/v2\/pages\/5252\/revisions"}],"predecessor-version":[{"id":5570,"href":"https:\/\/tramacultura.org\/index.php?rest_route=\/wp\/v2\/pages\/5252\/revisions\/5570"}],"wp:attachment":[{"href":"https:\/\/tramacultura.org\/index.php?rest_route=%2Fwp%2Fv2%2Fmedia&parent=5252"}],"curies":[{"name":"wp","href":"https:\/\/api.w.org\/{rel}","templated":true}]}}