{"id":5093,"date":"2017-09-07T17:12:11","date_gmt":"2017-09-07T17:12:11","guid":{"rendered":"http:\/\/tramacultura.org\/?page_id=5093"},"modified":"2022-06-13T13:15:08","modified_gmt":"2022-06-13T13:15:08","slug":"teixim-xarxes-contra-els-estereotips","status":"publish","type":"page","link":"https:\/\/tramacultura.org\/?page_id=5093","title":{"rendered":"TEIXIM XARXES CONTRA ELS ESTEREOTIPS!"},"content":{"rendered":"<p><span style=\"color: #993366;\"><a href=\"http:\/\/www.teiximxarxes.cat\/\" target=\"_blank\" rel=\"noopener noreferrer\"><span style=\"color: #993366;\"><i><span style=\"font-weight: 400;\">Teixim xarxes contra els estereotips!<\/span><\/i><\/span><\/a><\/span><span style=\"font-weight: 400;\"> \u00e9s un projecte dirigit a impulsar la participaci\u00f3 activa, cr\u00edtica i creativa d\u2019adolescents i joves, grups de dones, col\u00b7lectius, entitats, centres educatius i equipaments de la ciutat i de la ciutadania en general en la den\u00fancia, prevenci\u00f3 i intervenci\u00f3 sobre les diverses viol\u00e8ncies medi\u00e0tiques i simb\u00f2liques envers les dones i els rols i estereotips sexistes en els mitjans de comunicaci\u00f3 i les xarxes i en la construcci\u00f3 i difusi\u00f3 de discursos i representacions culturals justes i equitatives.<\/span><\/p>\n<p><img loading=\"lazy\" decoding=\"async\" class=\"wp-image-6117 aligncenter\" src=\"https:\/\/tramacultura.org\/wp-content\/uploads\/2022\/06\/teiximlogo.jpg\" alt=\"\" width=\"557\" height=\"239\" srcset=\"https:\/\/tramacultura.org\/wp-content\/uploads\/2022\/06\/teiximlogo.jpg 620w, https:\/\/tramacultura.org\/wp-content\/uploads\/2022\/06\/teiximlogo-300x129.jpg 300w, https:\/\/tramacultura.org\/wp-content\/uploads\/2022\/06\/teiximlogo-332x142.jpg 332w\" sizes=\"auto, (max-width: 557px) 100vw, 557px\" \/><\/p>\n<p><span style=\"color: #ffffff;\">.<\/span><span style=\"color: #993366;\"><strong>Argumentari<\/strong><\/span><\/p>\n<p style=\"text-align: justify;\">Les viol\u00e8ncies medi\u00e0tiques i simb\u00f2liques envers les dones aix\u00ed com els rols i estereotips sexistes en els mitjans de comunicaci\u00f3 i les xarxes van des de la simple reproducci\u00f3 d\u2019estereotips fonamentats en el binarisme home-dona i l\u2019\u00fas de llenguatge sexista fins a les formes m\u00e9s expl\u00edcites i brutals d\u2019humiliaci\u00f3 p\u00fablica, passant per la invisibilitzaci\u00f3, el tractament i representaci\u00f3 desigual de les dones en informatius i programes de debat i opini\u00f3, la pressi\u00f3 est\u00e8tica, l\u2019objectivaci\u00f3 sexual i els mites de l\u2019amor rom\u00e0ntic de la publicitat, els programes del cor i els reality, la negaci\u00f3 i estigmatitzaci\u00f3 de la diversitat sexual i afectiva, el tractament fr\u00edvol i sensacionalista de la viol\u00e8ncia masclista i l\u2019omissi\u00f3, descr\u00e8dit i menyspreu dels moviments feministes. Aquestes pr\u00e0ctiques s\u2019estenen al conjunt de manifestacions culturals que interactuen amb els mitjans i les xarxes: la literatura, la m\u00fasica, el cinema, les s\u00e8ries de ficci\u00f3, els c\u00f2mics, els videojocs, etc.<\/p>\n<p style=\"text-align: justify;\"><span style=\"font-weight: 400;\">Els discursos i representacions masclistes reflecteixen les formes de desigualtat i opressi\u00f3 de la nostra societat per\u00f2 tamb\u00e9 intervenen i tenen un impacte immens sobre l\u2019educaci\u00f3, la socialitzaci\u00f3 de les persones i les relacions i din\u00e0miques socials. No nom\u00e9s es tracta d\u2019una forma normalitzada de viol\u00e8ncia sin\u00f3 que est\u00e0 en la base de la resta d\u2019abusos i agressions.<\/span><\/p>\n<p style=\"text-align: justify;\"><span style=\"font-weight: 400;\">Qu\u00e8 podem fer si la gran majoria de discursos i representacions que consumim s\u00f3n masclistes? \u00c9s necessari actuar en dues direccions complement\u00e0ries: invertint esfor\u00e7os a educar les mirades tot potenciant l\u2019esperit cr\u00edtic i la perspectiva feminista i implicant-nos col\u00b7lectivament en la transformaci\u00f3 d\u2019aquests discursos i representacions i en la creaci\u00f3 d\u2019imaginaris alternatius.<\/span><\/p>\n<p style=\"text-align: justify;\"><span style=\"font-weight: 400;\">Amb aquest objectiu el projecte <\/span><i><span style=\"font-weight: 400;\">Teixim Xarxes contra els estereotips!<\/span><\/i><span style=\"font-weight: 400;\">, guardonat aquest any amb el <\/span><i><span style=\"font-weight: 400;\">Premi 25 de novembre<\/span><\/i><span style=\"font-weight: 400;\">, es planteja com una plataforma de participaci\u00f3 digital, que oferir\u00e0 a les persones, grups, centres educatius, col\u00b7lectius i entitats participants espais per a la difusi\u00f3 de recursos, projectes, not\u00edcies i esdeveniments, aix\u00ed com entorns de debat. Tamb\u00e9 es far\u00e0 ress\u00f2 i donar\u00e0 suport a les diverses campanyes de den\u00fancia i prevenci\u00f3 que es duguin a terme en les xarxes. <\/span><\/p>\n<p style=\"text-align: justify;\"><span style=\"font-weight: 400;\">A la vegada, en el marc del projecte, oferim tallers de sensibilitzaci\u00f3 i creaci\u00f3 col\u00b7lectiva. En funci\u00f3 de les caracter\u00edstiques de cada grup i de les possibilitats dels centres i entitats programadores, els tallers duraran entre 1 i 3 sessions. Aquests tallers estaran orientats a sensibilitzar sobre els rols i estereotips sexistes en els mitjans de comunicaci\u00f3 i les xarxes, donar a con\u00e8ixer la plataforma de participaci\u00f3 i impulsar accions i projectes creatius portats a terme pel grup participant del taller.<\/span><\/p>\n<p style=\"text-align: justify;\"><span style=\"font-weight: 400;\">La plataforma es nodrir\u00e0 dels projectes sorgits de les activitats de creaci\u00f3 col\u00b7lectiva dinamitzades per Trama en el marc del <\/span><i><span style=\"font-weight: 400;\">Teixim xarxes contra els estereotips<\/span><\/i><span style=\"font-weight: 400;\"> i en altres projectes i accions relacionades amb l\u2019an\u00e0lisi feminista dels discursos i representacions culturals. Tamb\u00e9, de les iniciatives pr\u00f2pies desenvolupades per centres educatius, col\u00b7lectius i entitats.<\/span><\/p>\n<p style=\"text-align: justify;\"><span style=\"font-weight: 400;\">Es podr\u00e0 adherir a la plataforma qualsevol persona o entitat implicada en la den\u00fancia i prevenci\u00f3 de rols i estereotips sexistes que aporti, com a m\u00ednim, un projecte a l\u2019entorn virtual.<\/span><\/p>\n<p style=\"text-align: justify;\"><span style=\"font-weight: 400;\">S\u2019acceptaran com a projectes treballs de recerca o creaci\u00f3 individuals i col\u00b7lectius i documentaci\u00f3 d\u2019accions o campanyes presencials o virtuals de den\u00fancia, sensibilitzaci\u00f3 i visibilitzaci\u00f3 al voltant dels rols i estereotips sexistes i de les diverses formes de discriminaci\u00f3 i viol\u00e8ncia simb\u00f2lica i medi\u00e0tica envers les dones en mitjans de comunicaci\u00f3, xarxes i discursos i representacions culturals.<\/span><\/p>\n<p style=\"text-align: justify;\"><strong><strong>\u00a0<\/strong><\/strong><\/p>\n<p style=\"text-align: justify;\"><span style=\"color: #993366;\"><strong>Objectius<\/strong><\/span><\/p>\n<p style=\"text-align: justify;\"><span style=\"font-weight: 400;\">&#8211; Generar i dinamitzar una eina col\u00b7laborativa en xarxa de comunicaci\u00f3 antisexista que fomenti la sensibilitzaci\u00f3, participaci\u00f3, intercanvi, enxarxament i cooperaci\u00f3 de persones, col\u00b7lectius, centres educatius i entitats i que es faci ress\u00f2 de les iniciatives que es duguin a terme a Barcelona.<\/span><\/p>\n<p style=\"text-align: justify;\"><span style=\"font-weight: 400;\">&#8211; Fomentar en adolescents, joves i dones l\u2019an\u00e0lisi cr\u00edtica de les manifestacions culturals, dels mites, rols i estereotips sexistes i dels discursos i representacions de la viol\u00e8ncia masclista en els mitjans i la xarxa; la reflexi\u00f3 sobre la viol\u00e8ncia simb\u00f2lica i la seva relaci\u00f3 amb les opressions concretes que pateixen les dones; la participaci\u00f3 activa en la den\u00fancia i prevenci\u00f3 dels discursos i representacions sexistes als mitjans a trav\u00e9s de l\u2019acci\u00f3 art\u00edstica i el ciberactivisme; i la capacitaci\u00f3 en l\u2019\u00fas segur i responsable de les TIC.<\/span><\/p>\n<p style=\"text-align: justify;\"><span style=\"font-weight: 400;\">&#8211; Dotar d\u2019eines i recursos a l\u2019entorn educatiu i de lleure per incentivar i visibilitzar activitats, accions i projectes creatius realitzats amb adolescents i joves, al voltant dels rols i estereotips sexistes en els mitjans de comunicaci\u00f3, les xarxes i les manifestacions culturals.<\/span><\/p>\n<p style=\"text-align: justify;\"><span style=\"font-weight: 400;\">&#8211; Promoure la reflexi\u00f3 ciutadana sobre la viol\u00e8ncia simb\u00f2lica i medi\u00e0tica que vivim les dones i incentivar la participaci\u00f3 activa en el foment de manifestacions culturals justes i equitatives.<\/span><\/p>\n<p style=\"text-align: justify;\"><span style=\"font-weight: 400;\">&#8211; Contribuir a un consum de la informaci\u00f3, l\u2019oci i l\u2019espectacle cr\u00edtic i conscient que q\u00fcestioni el relat i l\u2019ordre hegem\u00f2nic heteropatriarcal que sustenta les opressions masclistes tot construint mirades cr\u00edtiques i transformadores. <\/span><\/p>\n<p style=\"text-align: justify;\"><strong><strong>\u00a0<\/strong><\/strong><\/p>\n<p style=\"text-align: justify;\"><span style=\"color: #993366;\"><strong>Metodologia<\/strong><\/span><\/p>\n<p style=\"text-align: justify;\"><span style=\"font-weight: 400;\">Per a complir aquests objectius, farem difusi\u00f3 del projecte i interactuarem amb els col\u00b7lectius, associacions, entitats, centres educatius i equipaments de la ciutat; dinamitzarem la plataforma digital i incentivarem la participaci\u00f3 activa i la generaci\u00f3 de recursos, fluxos d&#8217;informaci\u00f3 i enxarxament dels diferents agents implicats en el projecte; difondrem aquelles accions, campanyes de sensibilitzaci\u00f3 i projectes creatius al voltant dels rols i estereotips sexistes i la viol\u00e8ncia medi\u00e0tica i simb\u00f2lica envers les dones; coordinarem i dinamitzarem els tallers de sensibilitzaci\u00f3 i creaci\u00f3 col\u00b7lectiva amb grups de dones i d\u2019adolescents i joves i la seva difusi\u00f3 a la xarxa.<\/span><\/p>\n<p style=\"text-align: justify;\"><span style=\"font-weight: 400;\">Els grups o col\u00b7lectius que participin dels tallers podran escollir la tipologia d&#8217;acci\u00f3 de prevenci\u00f3, den\u00fancia, cr\u00edtica i\/o transformaci\u00f3 dels rols i estereotips sexistes i la viol\u00e8ncia medi\u00e0tica i simb\u00f2lica envers les dones que vulguin i despr\u00e9s podran difondre-la a les xarxes socials a trav\u00e9s del seu usuari a la plataforma virtual. Les persones, col\u00b7lectius, entitats, centres educatius o equipaments podran tamb\u00e9 adherir-se i compartir aquells recursos, not\u00edcies, accions i campanyes de sensibilitzaci\u00f3 que realitzin als seus respectius espais.<\/span><\/p>\n<p style=\"text-align: justify;\"><strong><strong>\u00a0<\/strong><\/strong><\/p>\n<p style=\"text-align: justify;\"><span style=\"color: #993366;\"><strong>Finan\u00e7ament<\/strong><\/span><\/p>\n<p style=\"text-align: justify;\"><strong><span style=\"font-weight: 400;\">El projecte Teixim Xarxes contra els estereotips! ha estat guardonat amb el <\/span><i><span style=\"font-weight: 400;\">Premi 25 de novembre<\/span><\/i><span style=\"font-weight: 400;\"> d&#8217;enguany i el cost per les persones i grups participants en la plataforma \u00e9s gratu\u00eft.<\/span><\/strong><\/p>\n<h6><span style=\"font-weight: 400;\"><span style=\"color: #222222;\">\u00a0 \u00a0 \u00a0 \u00a0 \u00a0 \u00a0 \u00a0 \u00a0 \u00a0 Una iniciativa de: \u00a0 \u00a0 \u00a0 \u00a0 \u00a0 \u00a0 \u00a0 \u00a0 \u00a0 \u00a0 \u00a0 \u00a0 \u00a0 \u00a0 \u00a0 \u00a0 \u00a0 \u00a0<span style=\"color: #ffffff;\">.<\/span>Amb la col\u00b7laboraci\u00f3 de:<\/span><\/span><\/h6>\n<h6><span style=\"font-weight: 400;\"><span style=\"color: #222222;\">\u00a0 \u00a0 \u00a0 \u00a0 \u00a0 \u00a0 \u00a0 \u00a0\u00a0\u00a0\u00a0\u00a0\u00a0\u00a0\u00a0\u00a0\u00a0 <img loading=\"lazy\" decoding=\"async\" class=\"alignnone  wp-image-6121\" src=\"https:\/\/tramacultura.org\/wp-content\/uploads\/2022\/06\/Llimes_reduides-02_RGB.jpg\" alt=\"\" width=\"203\" height=\"76\" srcset=\"https:\/\/tramacultura.org\/wp-content\/uploads\/2022\/06\/Llimes_reduides-02_RGB.jpg 945w, https:\/\/tramacultura.org\/wp-content\/uploads\/2022\/06\/Llimes_reduides-02_RGB-300x112.jpg 300w, https:\/\/tramacultura.org\/wp-content\/uploads\/2022\/06\/Llimes_reduides-02_RGB-768x288.jpg 768w, https:\/\/tramacultura.org\/wp-content\/uploads\/2022\/06\/Llimes_reduides-02_RGB-700x262.jpg 700w, https:\/\/tramacultura.org\/wp-content\/uploads\/2022\/06\/Llimes_reduides-02_RGB-332x124.jpg 332w\" sizes=\"auto, (max-width: 203px) 100vw, 203px\" \/><img loading=\"lazy\" decoding=\"async\" class=\"wp-image-6038 alignleft\" src=\"https:\/\/tramacultura.org\/wp-content\/uploads\/2022\/01\/trama.coop-color.png\" alt=\"\" width=\"198\" height=\"78\" srcset=\"https:\/\/tramacultura.org\/wp-content\/uploads\/2022\/01\/trama.coop-color.png 1640w, https:\/\/tramacultura.org\/wp-content\/uploads\/2022\/01\/trama.coop-color-300x118.png 300w, https:\/\/tramacultura.org\/wp-content\/uploads\/2022\/01\/trama.coop-color-768x303.png 768w, https:\/\/tramacultura.org\/wp-content\/uploads\/2022\/01\/trama.coop-color-1024x403.png 1024w, https:\/\/tramacultura.org\/wp-content\/uploads\/2022\/01\/trama.coop-color-700x276.png 700w, https:\/\/tramacultura.org\/wp-content\/uploads\/2022\/01\/trama.coop-color-332x131.png 332w\" sizes=\"auto, (max-width: 198px) 100vw, 198px\" \/><\/span><\/span><\/h6>\n","protected":false},"excerpt":{"rendered":"<p>Teixim xarxes contra els estereotips! \u00e9s un projecte dirigit a impulsar la participaci\u00f3 activa, cr\u00edtica i creativa d\u2019adolescents i joves, grups de dones, col\u00b7lectius, entitats, centres educatius i equipaments de la ciutat i de la ciutadania en general en la den\u00fancia, prevenci\u00f3 i intervenci\u00f3 sobre les diverses viol\u00e8ncies medi\u00e0tiques i &#8230;<\/p>\n","protected":false},"author":1,"featured_media":0,"parent":0,"menu_order":0,"comment_status":"closed","ping_status":"closed","template":"","meta":{"footnotes":""},"class_list":["post-5093","page","type-page","status-publish","hentry","column","threecol"],"_links":{"self":[{"href":"https:\/\/tramacultura.org\/index.php?rest_route=\/wp\/v2\/pages\/5093","targetHints":{"allow":["GET"]}}],"collection":[{"href":"https:\/\/tramacultura.org\/index.php?rest_route=\/wp\/v2\/pages"}],"about":[{"href":"https:\/\/tramacultura.org\/index.php?rest_route=\/wp\/v2\/types\/page"}],"author":[{"embeddable":true,"href":"https:\/\/tramacultura.org\/index.php?rest_route=\/wp\/v2\/users\/1"}],"replies":[{"embeddable":true,"href":"https:\/\/tramacultura.org\/index.php?rest_route=%2Fwp%2Fv2%2Fcomments&post=5093"}],"version-history":[{"count":13,"href":"https:\/\/tramacultura.org\/index.php?rest_route=\/wp\/v2\/pages\/5093\/revisions"}],"predecessor-version":[{"id":6122,"href":"https:\/\/tramacultura.org\/index.php?rest_route=\/wp\/v2\/pages\/5093\/revisions\/6122"}],"wp:attachment":[{"href":"https:\/\/tramacultura.org\/index.php?rest_route=%2Fwp%2Fv2%2Fmedia&parent=5093"}],"curies":[{"name":"wp","href":"https:\/\/api.w.org\/{rel}","templated":true}]}}