{"id":4222,"date":"2015-07-01T01:09:59","date_gmt":"2015-07-01T01:09:59","guid":{"rendered":"http:\/\/tramacultura.org\/?page_id=4222"},"modified":"2018-10-26T19:59:28","modified_gmt":"2018-10-26T19:59:28","slug":"animem-el-barri","status":"publish","type":"page","link":"https:\/\/tramacultura.org\/?page_id=4222","title":{"rendered":"ANIMEM EL BARRI!"},"content":{"rendered":"<p style=\"text-align: justify;\"><img loading=\"lazy\" decoding=\"async\" class=\"alignnone wp-image-4358 size-full\" src=\"http:\/\/tramacultura.org\/w\/wp-content\/uploads\/2015\/07\/imatge-AnimemB.jpg\" alt=\"\" width=\"2480\" height=\"1181\" \/><\/p>\n<p style=\"text-align: justify;\"><i><span style=\"font-weight: 400;\">Animem el barri!<\/span><\/i><span style=\"font-weight: 400;\"> \u00e9s un projecte de dinamitzaci\u00f3 d\u2019accions art\u00edstiques comunit\u00e0ries realitzades per persones i col\u00b7lectius en col\u00b7laboraci\u00f3 amb entitats, equipaments i agents socioecon\u00f2mics del barri, que pret\u00e9n sensibilitzar a la ciutadania i fomentar la cohesi\u00f3 social i les relacions de pertinen\u00e7a de la comunitat.<\/span><\/p>\n<p style=\"text-align: justify;\"><span style=\"color: #ffffff;\">.<\/span><\/p>\n<p style=\"text-align: justify;\"><span style=\"color: #ffffff;\">.<\/span><strong><span style=\"color: #ff0000;\">Argumentari<\/span><\/strong><\/p>\n<p style=\"text-align: justify;\"><span style=\"font-weight: 400;\">L\u2019art i la creaci\u00f3 cultural, en les seves m\u00faltiples manifestacions, juguen un paper important en l\u2019educaci\u00f3 i la socialitzaci\u00f3 de les persones i en la construcci\u00f3 de la mem\u00f2ria, l\u2019imaginari i les identitats col\u00b7lectives. Com m\u00e9s propers es mostren a la ciutadania, m\u00e9s capacitat de sensibilitzaci\u00f3 adquireixen i m\u00e9s poden influir en la transformaci\u00f3 social, la cohesi\u00f3 de la comunitat i el benestar personal. En aquest sentit, destaquen dos fen\u00f2mens art\u00edstics i culturals cada cop m\u00e9s presents i consolidats. Per una banda, les intervencions a l\u2019espai p\u00fablic: art urb\u00e0, accions performatives, teatre de carrer, etc. que introdueixen el fenomen art\u00edstic a la vida quotidiana i interpel\u00b7len directament a la ciutadania. Per l\u2019altra, les propostes de cocreaci\u00f3, que conviden al p\u00fablic a participar de forma creativa, i els projectes d\u2019autorrepresentaci\u00f3 que posen en mans de col\u2022lectius socials les eines perqu\u00e8 puguin construir el seu propi relat. Aquestes estrat\u00e8gies art\u00edstiques s\u00f3n \u00fatils i cada cop m\u00e9s necess\u00e0ries per sensibilitzar a la ciutadania i potenciar la cohesi\u00f3 social.<\/span><\/p>\n<p style=\"text-align: justify;\"><i><span style=\"font-weight: 400;\">Animem el barri!<\/span><\/i><span style=\"font-weight: 400;\"> s\u2019emmarca en les bases i objectius generals de l\u2019associaci\u00f3 i est\u00e0 en la l\u00ednia d\u2019altres projectes de Trama que vinculen la creaci\u00f3 art\u00edstica i cultural amb el territori i la comunitat, com \u00e9s el cas del Projecte Minerva de creadores de Gr\u00e0cia, dinamitzat en col\u2022laboraci\u00f3 amb el districte de Gr\u00e0cia o el Premi Jove de C\u00f2mic Sant Mart\u00ed per a la prevenci\u00f3 i eradicaci\u00f3 de la viol\u00e8ncia masclista dut a terme en col\u00b7laboraci\u00f3 amb el Districte de Sant Mart\u00ed, Biblioteques de Barcelona i la Regidoria de Cicle de Vida, Feminismes i LGTBI de l\u2019Ajuntament de Barcelona. Tamb\u00e9 parteix d\u2019experi\u00e8ncies pr\u00e8vies de l\u2019entitat i de les persones associades i col\u00b7laboradores en els camps de l\u2019animaci\u00f3 stop motion, l\u2019art urb\u00e0 i el teatre dels i les oprimides. En la l\u00ednia general de les activitats realitzades per l\u2019associaci\u00f3, les accions art\u00edstiques que es porten a terme s\u2019adapten al m\u00e0xim a cada barri, col\u2022lectiu i espai urb\u00e0, i fomenten l\u2019an\u00e0lisi cr\u00edtica, la reflexi\u00f3 col\u00b7lectiva i la interacci\u00f3 i la implicaci\u00f3 activa de les persones participants. Una de les apostes importants del projecte \u00e9s que els grups i agents participants siguin en tot moment protagonistes, actors i creadors de les accions. En aquest sentit, la nostra tasca se centra a dinamitzar, acompanyar i facilitar el treball dels grups en les diferents fases de l\u2019acci\u00f3 art\u00edstica: ideaci\u00f3, planificaci\u00f3, realitzaci\u00f3, documentaci\u00f3 i difusi\u00f3. Per a fer-ho, impulsem les accions interactuant amb els col\u2022lectius, entitats i equipaments del barri i donem suport als\u00a0<\/span>grups participants realitzant tallers de sensibilitzaci\u00f3 i creaci\u00f3 col\u00b7lectiva.<\/p>\n<p style=\"text-align: justify;\"><span style=\"color: #ffffff;\">.<\/span><\/p>\n<p style=\"text-align: justify;\"><strong><span style=\"color: #ff0000;\">Objectius<\/span><\/strong><\/p>\n<p style=\"text-align: justify;\"><span style=\"font-weight: 400;\">&#8211; Fomentar l\u2019aprenentatge art\u00edstic, la creativitat, l\u2019expressi\u00f3 individual i col\u00b7lectiva, la participaci\u00f3 activa i la implicaci\u00f3 en la comunitat de les persones i grups de poblaci\u00f3 participants<\/span><\/p>\n<p style=\"text-align: justify;\"><span style=\"font-weight: 400;\">&#8211; Promoure la consci\u00e8ncia c\u00edvica, la conviv\u00e8ncia urbana, l\u2019acci\u00f3 comunit\u00e0ria, la cohesi\u00f3 social i la construcci\u00f3 de relacions de pertinen\u00e7a al barri mitjan\u00e7ant la creaci\u00f3 col\u00b7lectiva i la participaci\u00f3 i col\u00b7laboraci\u00f3 de col\u00b7lectius, entitats i associacions, agents socioecon\u00f2mics i ciutadania.<\/span><\/p>\n<p style=\"text-align: justify;\"><span style=\"font-weight: 400;\">&#8211; Incentivar la informaci\u00f3, l\u2019an\u00e0lisi cr\u00edtica, la reflexi\u00f3 i la sensibilitzaci\u00f3 de la societat mitjan\u00e7ant representacions i discursos art\u00edstics de problem\u00e0tiques socials.<\/span><\/p>\n<p style=\"text-align: justify;\"><span style=\"font-weight: 400;\">&#8211; Potenciar la transformaci\u00f3 social a trav\u00e9s de la imaginaci\u00f3 i la creativitat de les persones i col\u00b7lectius participants.<\/span><\/p>\n<p style=\"text-align: justify;\"><span style=\"font-weight: 400;\">&#8211; Potenciar la visibilitat de l\u2019acci\u00f3 comunit\u00e0ria i l\u2019impacte en el territori, mitjan\u00e7ant accions art\u00edstiques en l\u2019espai p\u00fablic.<\/span><\/p>\n<p style=\"text-align: justify;\"><span style=\"font-weight: 400;\">&#8211; Enfortir la mem\u00f2ria, l\u2019imaginari i la identitat de la comunitat i visibilitzar la seva realitat generant creaci\u00f3 cultural i patrimoni art\u00edstic per als barris i des dels barris.<\/span><\/p>\n<p style=\"text-align: justify;\"><span style=\"color: #ffffff;\">.<\/span><\/p>\n<p style=\"text-align: justify;\"><strong><span style=\"color: #ff0000;\">Metodologia<\/span><\/strong><\/p>\n<p style=\"text-align: justify;\"><span style=\"font-weight: 400;\">Per a complir aquests objectius, farem difusi\u00f3 del projecte i interactuarem amb els col\u2022lectius, associacions, entitats i equipaments dels barris; i coordinarem i dinamitzarem mitjan\u00e7ant tallers de creaci\u00f3 col\u2022lectiva la ideaci\u00f3, planificaci\u00f3, realitzaci\u00f3, documentaci\u00f3 i difusi\u00f3 d\u2019accions art\u00edstiques per part de col\u00b7lectius o grups de poblaci\u00f3 de la comunitat, en col\u00b7laboraci\u00f3 amb agents socioecon\u00f2mics del barri. Tamb\u00e9 ens farem ress\u00f2 de les accions realitzades a trav\u00e9s de les xarxes socials i del nostre entorn virtual.<\/span><\/p>\n<p style=\"text-align: justify;\"><span style=\"font-weight: 400;\">Els grups i agents implicats decidiran en quin format realitzaran la intervenci\u00f3 art\u00edstica, podent escollir entre animaci\u00f3 stop motion a l\u2019aire lliure, art urb\u00e0, performance o teatre de carrer. Tamb\u00e9 escolliran la tem\u00e0tica social a tractar, que sempre haur\u00e0 d\u2019estar vinculada a la realitat del barri, i l\u2019espai de realitzaci\u00f3. El projecte es desenvolupar\u00e0 en sessions de debat participatiu i creaci\u00f3 col\u00b7lectiva, en les quals tamb\u00e9 es visionaran i valoraran exemples de projectes similars al que es vol plantejar.<\/span><\/p>\n<p style=\"text-align: justify;\"><span style=\"color: #ffffff;\">.<\/span><\/p>\n<p style=\"text-align: justify;\"><strong><span style=\"color: #ff0000;\">Finan\u00e7ament<\/span><\/strong><\/p>\n<p style=\"text-align: justify;\"><span style=\"font-weight: 400;\">Des de Trama i amb el suport de l\u2019Ajuntament de Barcelona, ens fem c\u00e0rrec de gran part del cost dels projectes. Tot i aix\u00ed, les accions requeriran suport econ\u00f2mic sempre que sigui possible.<\/span><\/p>\n<p style=\"text-align: justify;\"><span style=\"font-weight: 400;\">En funci\u00f3 de les seves possibilitats, els col\u00b7lectius i entitats col\u00b7laboradores es faran c\u00e0rrec d\u2019una part del cost del projecte d\u2019acci\u00f3 art\u00edstica, mai superior al 50%. Les activitats seran gratu\u00eftes per aquelles associacions i col\u00b7lectius que no disposin de recursos suficients. En aquests casos, es buscar\u00e0 el suport econ\u00f2mic d\u2019altres agents del barri.<\/span><\/p>\n<p style=\"text-align: justify;\"><span style=\"color: #ffffff;\">.<\/span><\/p>\n<h6 style=\"text-align: justify;\"><span style=\"font-weight: 400;\"><span style=\"color: #222222;\">\u00a0 \u00a0 \u00a0 \u00a0 \u00a0Una iniciativa de: \u00a0 \u00a0 \u00a0 \u00a0 \u00a0 \u00a0 \u00a0 \u00a0 \u00a0 \u00a0 \u00a0 \u00a0 \u00a0 \u00a0 \u00a0 \u00a0 \u00a0 \u00a0<span style=\"color: #ffffff;\">.<\/span>Amb la col\u00b7laboraci\u00f3 de:<\/span><\/span><\/h6>\n<h6 style=\"text-align: justify;\"><span style=\"font-weight: 400;\"><span style=\"color: #222222;\">\u00a0<img loading=\"lazy\" decoding=\"async\" class=\"alignnone  wp-image-4662\" src=\"http:\/\/tramacultura.org\/w\/wp-content\/uploads\/2016\/05\/logor2-copia.png\" alt=\"logor2 copia\" width=\"301\" height=\"108\" \/>\u00a0 \u00a0 \u00a0 \u00a0 \u00a0 \u00a0 \u00a0 \u00a0<img loading=\"lazy\" decoding=\"async\" class=\"alignnone  wp-image-4663\" src=\"http:\/\/tramacultura.org\/w\/wp-content\/uploads\/2016\/05\/Llimes_reduides-15_RGB.jpg\" alt=\"Llimes_reduides-15_RGB\" width=\"225\" height=\"88\" \/><\/span><\/span><\/h6>\n","protected":false},"excerpt":{"rendered":"<p>Animem el barri! \u00e9s un projecte de dinamitzaci\u00f3 d\u2019accions art\u00edstiques comunit\u00e0ries realitzades per persones i col\u00b7lectius en col\u00b7laboraci\u00f3 amb entitats, equipaments i agents socioecon\u00f2mics del barri, que pret\u00e9n sensibilitzar a la ciutadania i fomentar la cohesi\u00f3 social i les relacions de pertinen\u00e7a de la comunitat. . .Argumentari L\u2019art i la &#8230;<\/p>\n","protected":false},"author":1,"featured_media":0,"parent":0,"menu_order":0,"comment_status":"closed","ping_status":"closed","template":"","meta":{"footnotes":""},"class_list":["post-4222","page","type-page","status-publish","hentry","column","threecol"],"_links":{"self":[{"href":"https:\/\/tramacultura.org\/index.php?rest_route=\/wp\/v2\/pages\/4222","targetHints":{"allow":["GET"]}}],"collection":[{"href":"https:\/\/tramacultura.org\/index.php?rest_route=\/wp\/v2\/pages"}],"about":[{"href":"https:\/\/tramacultura.org\/index.php?rest_route=\/wp\/v2\/types\/page"}],"author":[{"embeddable":true,"href":"https:\/\/tramacultura.org\/index.php?rest_route=\/wp\/v2\/users\/1"}],"replies":[{"embeddable":true,"href":"https:\/\/tramacultura.org\/index.php?rest_route=%2Fwp%2Fv2%2Fcomments&post=4222"}],"version-history":[{"count":12,"href":"https:\/\/tramacultura.org\/index.php?rest_route=\/wp\/v2\/pages\/4222\/revisions"}],"predecessor-version":[{"id":5512,"href":"https:\/\/tramacultura.org\/index.php?rest_route=\/wp\/v2\/pages\/4222\/revisions\/5512"}],"wp:attachment":[{"href":"https:\/\/tramacultura.org\/index.php?rest_route=%2Fwp%2Fv2%2Fmedia&parent=4222"}],"curies":[{"name":"wp","href":"https:\/\/api.w.org\/{rel}","templated":true}]}}