{"id":3802,"date":"2015-06-01T19:38:29","date_gmt":"2015-06-01T19:38:29","guid":{"rendered":"http:\/\/tramacultura.org\/?page_id=3802"},"modified":"2018-07-03T11:22:00","modified_gmt":"2018-07-03T11:22:00","slug":"cultura-per-la-igualtat","status":"publish","type":"page","link":"https:\/\/tramacultura.org\/?page_id=3802","title":{"rendered":"CULTURA PER LA IGUALTAT"},"content":{"rendered":"<p style=\"text-align: justify;\"><img loading=\"lazy\" decoding=\"async\" class=\"alignnone wp-image-2025 size-medium\" src=\"http:\/\/tramacultura.org\/w\/wp-content\/uploads\/2012\/09\/itisweb6-300x207.jpg\" alt=\"itisweb6\" width=\"300\" height=\"207\" srcset=\"https:\/\/tramacultura.org\/wp-content\/uploads\/2012\/09\/itisweb6-300x207.jpg 300w, https:\/\/tramacultura.org\/wp-content\/uploads\/2012\/09\/itisweb6-332x229.jpg 332w, https:\/\/tramacultura.org\/wp-content\/uploads\/2012\/09\/itisweb6.jpg 484w\" sizes=\"auto, (max-width: 300px) 100vw, 300px\" \/><\/p>\n<p style=\"text-align: justify;\">A trav\u00e9s de la hist\u00f2ria, la filosofia, la literatura, les arts visuals, els mitjans de comunicaci\u00f3 i les noves tecnologies, analitzarem els discursos i representacions culturals i la seva relaci\u00f3 amb les discriminacions socials. Reflexionarem sobre els estereotips i prejudicis encara vigents a les ind\u00fastries culturals i descobrirem el paper de la creaci\u00f3 art\u00edstica en el foment de la igualtat, el respecte a la diversitat i la no-viol\u00e8ncia.<\/p>\n<p style=\"text-align: justify;\">*\u00a0<strong>Programa de tallers i activitats culturals adaptat als diferents cicles formatius.<\/strong><\/p>\n<p style=\"text-align: justify;\"><span style=\"color: #ffffff;\">.<\/span><\/p>\n<h1 style=\"text-align: justify;\"><span style=\"color: #000000;\">PRIM\u00c0RIA<\/span><\/h1>\n<p><span style=\"color: #ff0000;\"><strong># Educa&amp;Co<\/strong><\/span><\/p>\n<p style=\"text-align: justify;\"><span style=\"color: #000000;\">A trav\u00e9s dels contes, el joc i el teatre, desenvoluparem l\u2019empatia, aprendrem a cooperar i a solidaritzar-nos amb les persones que ens envolten, i celebrarem la diversitat i la difer\u00e8ncia. Ens divertirem aprenent a crear una societat m\u00e9s igualit\u00e0ria.<\/span><\/p>\n<p style=\"text-align: justify;\"><span style=\"color: #ffffff;\">.<\/span><\/p>\n<p><span style=\"color: #ff0000;\"><strong># Imaginant la igualtat<\/strong><\/span><\/p>\n<p style=\"text-align: justify;\"><span style=\"color: #000000;\">Q\u00fcestionarem els prejudicis i estereotips presents a les imatges que rebem i descobrirem visions alternatives a trav\u00e9s de l\u2019art, el cinema o els dibuixos animats. Mitjan\u00e7ant el dibuix i la pl\u00e0stica, imaginarem un m\u00f3n m\u00e9s just i igualitari.<\/span><\/p>\n<p><strong>\u00a0<\/strong><\/p>\n<p><span style=\"color: #ff0000;\"><strong># Repensem els contes<\/strong><\/span><\/p>\n<p style=\"text-align: justify;\"><span style=\"color: #000000;\">A partir de la narraci\u00f3 teatralitzada de contes tradicionals i de nova creaci\u00f3, valent-nos del joc, el teatre i la pl\u00e0stica, \u00a0q\u00fcestionarem les hist\u00f2ries, repensarem els personatges i inventarem altres maneres d\u2019explicar-les, per tal de fomentar la igualtat, el respecte a la diversitat i la cultura de la pau.<\/span><\/p>\n<p style=\"text-align: justify;\"><span style=\"color: #ffffff;\">.<\/span><\/p>\n<h1 style=\"text-align: justify;\"><span style=\"color: #000000;\">SECUND\u00c0RIA I BATXILLERAT<\/span><\/h1>\n<p><span style=\"color: #ff0000;\"><strong># <em>Actuem!<\/em> Teatre per la igualtat<\/strong><\/span><\/p>\n<p style=\"text-align: justify;\"><span style=\"color: #222222;\">A trav\u00e9s de les diferents t\u00e8cniques i jocs teatrals que ens ofereix el teatre dels i les oprimides, treballarem situacions de conflicte entorn de les relacions socials, la discriminaci\u00f3, la viol\u00e8ncia i la injust\u00edcia. Aprendrem a detectar les situacions d\u2019injust\u00edcia, reflexionarem sobre la presa de decisions i aprendrem a gestionar i resoldre conflictes.<\/span><\/p>\n<p>&nbsp;<\/p>\n<p><span style=\"color: #ff0000;\"><strong># Del llenguatge a la igualtat<\/strong><\/span><\/p>\n<p style=\"text-align: justify;\"><span style=\"color: #000000;\">Ens pot ajudar el llenguatge a tendir cap a una societat m\u00e9s justa i equitativa? A trav\u00e9s de l\u2019an\u00e0lisi de missatges orals, escrits i simb\u00f2lics de la publicitat, els mitjans de comunicaci\u00f3 i les xarxes socials, reflexionarem sobre la import\u00e0ncia social de la llengua, descobrirem els prejudicis impl\u00edcits en els processos comunicatius i aprendrem a fer un \u00fas no discriminatori del llenguatge per tal de fomentar la igualtat.<\/span><\/p>\n<p>&nbsp;<\/p>\n<p><span style=\"color: #ff0000;\"><strong># Identitats<\/strong><\/span><\/p>\n<p style=\"text-align: justify;\">Qu\u00e8 ens fa ser el que som? Fins a quin punt determina la nostra identitat el sexe, l\u2019\u00e8tnia o la cultura? Qu\u00e8 ens fa iguals o diferents de la resta i en quina mesura determina aix\u00f2 els nostres drets i responsabilitats? A partir de la filosofia, la sociologia i la neuroci\u00e8ncia, reflexionarem sobre el concepte d\u2019identitat i la seva relaci\u00f3 amb l\u2019exclusi\u00f3 i les desigualtats socials.<\/p>\n<p>&nbsp;<\/p>\n<p><span style=\"color: #ff0000;\"><strong># <em>L\u2019art d\u2019intervenir<\/em>. Intervenci\u00f3 art\u00edstica i sensibilitzaci\u00f3 social<\/strong><\/span><\/p>\n<p style=\"text-align: justify;\">A partir d\u2019estrat\u00e8gies d\u2019intervenci\u00f3 art\u00edstica, aprendrem a contestar les imatges imposades de l\u2019art, els mitjans de comunicaci\u00f3 i la publicitat, intervenint sobre aquestes, modificant-les, transgredint-les, per tal de q\u00fcestionar prejudicis i discriminacions i fomentar una societat m\u00e9s justa i igualit\u00e0ria.<\/p>\n<p>&nbsp;<\/p>\n<p><span style=\"color: #ff0000;\"><strong># Noves viol\u00e8ncies, nous imaginaris<\/strong><\/span><\/p>\n<p style=\"color: #000000; text-align: justify;\">Ha canviat la nostra percepci\u00f3 de les discriminacions i de la viol\u00e8ncia? I l\u2019art, el cinema i els mitjans de comunicaci\u00f3, han canviat la manera de mostrar-les? Mitjan\u00e7ant els llenguatges de la fotografia, el c\u00f2mic, el cinema, la televisi\u00f3 i els videojocs, analitzarem les lectures i representacions culturals de la viol\u00e8ncia i descobrirem el paper dels nous imaginaris en el foment de la igualtat, la toler\u00e0ncia i la cultura de la pau.<\/p>\n<p>&nbsp;<\/p>\n<p><span style=\"color: #ff0000;\"><em>\u00a0<\/em><strong><em># Parlem-ne!<\/em> Cultura i discriminacions<\/strong><\/span><\/p>\n<p style=\"text-align: justify;\">Quina visi\u00f3 d\u00f3na la hist\u00f2ria, l\u2019art, el pensament o els mitjans de comunicaci\u00f3 dels col\u00b7lectius discriminats? Ajuda la cultura a eradicar els prejudicis i les desigualtats socials o tot el contrari? Col\u00b7loqui participatiu al voltant de la representaci\u00f3 d\u2019estereotips, l\u2019expressi\u00f3 de les discriminacions i els obstacles per a la igualtat en l\u2019\u00e0mbit de les humanitats i les ind\u00fastries culturals.<\/p>\n<p>&nbsp;<\/p>\n<p><span style=\"color: #ff0000;\"><strong># Sexualitats <\/strong><\/span><\/p>\n<p style=\"text-align: justify;\"><span style=\"color: #000000;\">A partir del cinema, la televisi\u00f3, la publicitat i els videoclips, reflexionarem sobre les representacions de l\u2019erotisme, la bellesa, els cossos i els estereotips de g\u00e8nere. Debatrem de forma participativa sobre les identitats i orientacions sexuals, les relacions sexo-afectives i la viol\u00e8ncia masclista.<\/span><\/p>\n<p>&nbsp;<\/p>\n<p><span style=\"color: #ff0000;\"><strong># Dones del m\u00f3n <\/strong><\/span><\/p>\n<p style=\"text-align: justify;\">Ens aproparem a les dones de diferents cultures i \u00e0rees geogr\u00e0fiques per con\u00e8ixer la seva situaci\u00f3, quin paper juguen en cada societat i quines s\u00f3n les seves lluites. Parlarem tamb\u00e9 de globalitzaci\u00f3 i diversitat cultural des d\u2019una perspectiva de g\u00e8nere.<\/p>\n<p>&nbsp;<\/p>\n<p style=\"text-align: justify;\"><span style=\"color: #ff0000;\"><strong># Dones grans, grans dones <\/strong><\/span><\/p>\n<p style=\"text-align: justify;\"><span style=\"color: #000000;\">La hist\u00f2ria del cinema est\u00e0 plena d\u2019actrius que han vist com, a mesura que es feien grans, eren relegades a papers cada cop menors mentre els seus companys barons mantenien la fama i el protagonisme. Existeixen, per\u00f2, honroses excepcions: grans personatges de dones grans que dignifiquen la vellesa i enriqueixen les lectures de la feminitat.<\/span><\/p>\n<p><em>\u00a0<\/em><\/p>\n","protected":false},"excerpt":{"rendered":"<p>A trav\u00e9s de la hist\u00f2ria, la filosofia, la literatura, les arts visuals, els mitjans de comunicaci\u00f3 i les noves tecnologies, analitzarem els discursos i representacions culturals i la seva relaci\u00f3 amb les discriminacions socials. Reflexionarem sobre els estereotips i prejudicis encara vigents a les ind\u00fastries culturals i descobrirem el paper &#8230;<\/p>\n","protected":false},"author":1,"featured_media":0,"parent":0,"menu_order":0,"comment_status":"closed","ping_status":"closed","template":"","meta":{"footnotes":""},"class_list":["post-3802","page","type-page","status-publish","hentry","column","threecol"],"_links":{"self":[{"href":"https:\/\/tramacultura.org\/index.php?rest_route=\/wp\/v2\/pages\/3802","targetHints":{"allow":["GET"]}}],"collection":[{"href":"https:\/\/tramacultura.org\/index.php?rest_route=\/wp\/v2\/pages"}],"about":[{"href":"https:\/\/tramacultura.org\/index.php?rest_route=\/wp\/v2\/types\/page"}],"author":[{"embeddable":true,"href":"https:\/\/tramacultura.org\/index.php?rest_route=\/wp\/v2\/users\/1"}],"replies":[{"embeddable":true,"href":"https:\/\/tramacultura.org\/index.php?rest_route=%2Fwp%2Fv2%2Fcomments&post=3802"}],"version-history":[{"count":16,"href":"https:\/\/tramacultura.org\/index.php?rest_route=\/wp\/v2\/pages\/3802\/revisions"}],"predecessor-version":[{"id":5362,"href":"https:\/\/tramacultura.org\/index.php?rest_route=\/wp\/v2\/pages\/3802\/revisions\/5362"}],"wp:attachment":[{"href":"https:\/\/tramacultura.org\/index.php?rest_route=%2Fwp%2Fv2%2Fmedia&parent=3802"}],"curies":[{"name":"wp","href":"https:\/\/api.w.org\/{rel}","templated":true}]}}