{"id":3391,"date":"2014-10-13T16:53:12","date_gmt":"2014-10-13T16:53:12","guid":{"rendered":"http:\/\/tramacultura.org\/?page_id=3391"},"modified":"2015-10-27T21:43:49","modified_gmt":"2015-10-27T21:43:49","slug":"parlem-ne-violencia-masclista-i-cultura-contemporania","status":"publish","type":"page","link":"https:\/\/tramacultura.org\/?page_id=3391","title":{"rendered":"# Parlem-ne! Viol\u00e8ncia masclista i cultura contempor\u00e0nia"},"content":{"rendered":"<p style=\"text-align: justify;\"><img loading=\"lazy\" decoding=\"async\" class=\"aligncenter wp-image-3392\" src=\"http:\/\/tramacultura.org\/w\/wp-content\/uploads\/2014\/10\/ysl-yves-klein-manifiestan-L-UVmMFH-1.jpg\" alt=\"ysl-yves-klein-manifiestan-L-UVmMFH (1)\" width=\"385\" height=\"385\" srcset=\"https:\/\/tramacultura.org\/wp-content\/uploads\/2014\/10\/ysl-yves-klein-manifiestan-L-UVmMFH-1.jpg 503w, https:\/\/tramacultura.org\/wp-content\/uploads\/2014\/10\/ysl-yves-klein-manifiestan-L-UVmMFH-1-290x290.jpg 290w, https:\/\/tramacultura.org\/wp-content\/uploads\/2014\/10\/ysl-yves-klein-manifiestan-L-UVmMFH-1-300x300.jpg 300w, https:\/\/tramacultura.org\/wp-content\/uploads\/2014\/10\/ysl-yves-klein-manifiestan-L-UVmMFH-1-332x332.jpg 332w, https:\/\/tramacultura.org\/wp-content\/uploads\/2014\/10\/ysl-yves-klein-manifiestan-L-UVmMFH-1-432x432.jpg 432w, https:\/\/tramacultura.org\/wp-content\/uploads\/2014\/10\/ysl-yves-klein-manifiestan-L-UVmMFH-1-268x268.jpg 268w\" sizes=\"auto, (max-width: 385px) 100vw, 385px\" \/><\/p>\n<p style=\"text-align: justify;\"><span style=\"color: #000000;\">Quina visi\u00f3 dels homes i les dones d\u00f3na l\u2019art contemporani? S\u2019ha estetitzat la viol\u00e8ncia? Ajuda la cultura a eradicar el masclisme o tot el contrari? Col\u00b7loqui participatiu al voltant de la representaci\u00f3 d\u2019estereotips i rols de g\u00e8nere, l\u2019expressi\u00f3 pl\u00e0stica de la viol\u00e8ncia i els l\u00edmits \u00e8tics i est\u00e8tics de l\u2019art i la cultura contempor\u00e0nia.<\/span><\/p>\n<p style=\"text-align: justify;\">Dilluns 23 de novembre a les 17h al <a href=\"http:\/\/guia.barcelona.cat\/es\/detall\/casal-de-gent-gran-baro-de-viver_92086011152.html\" target=\"_blank\">Casal de Gent Gran Bar\u00f3 de Viver<\/a>.<\/p>\n<p style=\"text-align: justify;\">Dimecres 25 de novembre a les 11.30h al <a href=\"http:\/\/guia.barcelona.cat\/es\/detall\/casal-de-gent-gran-bon-pastor_92086011153.html\" target=\"_blank\">Casal de Gent Gran de Bon Pastor<\/a>.<\/p>\n<p style=\"text-align: justify;\">Entrada lliure.<\/p>\n","protected":false},"excerpt":{"rendered":"<p>Quina visi\u00f3 dels homes i les dones d\u00f3na l\u2019art contemporani? S\u2019ha estetitzat la viol\u00e8ncia? Ajuda la cultura a eradicar el masclisme o tot el contrari? Col\u00b7loqui participatiu al voltant de la representaci\u00f3 d\u2019estereotips i rols de g\u00e8nere, l\u2019expressi\u00f3 pl\u00e0stica de la viol\u00e8ncia i els l\u00edmits \u00e8tics i est\u00e8tics de l\u2019art &#8230;<\/p>\n","protected":false},"author":1,"featured_media":0,"parent":0,"menu_order":0,"comment_status":"closed","ping_status":"closed","template":"","meta":{"footnotes":""},"class_list":["post-3391","page","type-page","status-publish","hentry","column","threecol"],"_links":{"self":[{"href":"https:\/\/tramacultura.org\/index.php?rest_route=\/wp\/v2\/pages\/3391","targetHints":{"allow":["GET"]}}],"collection":[{"href":"https:\/\/tramacultura.org\/index.php?rest_route=\/wp\/v2\/pages"}],"about":[{"href":"https:\/\/tramacultura.org\/index.php?rest_route=\/wp\/v2\/types\/page"}],"author":[{"embeddable":true,"href":"https:\/\/tramacultura.org\/index.php?rest_route=\/wp\/v2\/users\/1"}],"replies":[{"embeddable":true,"href":"https:\/\/tramacultura.org\/index.php?rest_route=%2Fwp%2Fv2%2Fcomments&post=3391"}],"version-history":[{"count":7,"href":"https:\/\/tramacultura.org\/index.php?rest_route=\/wp\/v2\/pages\/3391\/revisions"}],"predecessor-version":[{"id":4328,"href":"https:\/\/tramacultura.org\/index.php?rest_route=\/wp\/v2\/pages\/3391\/revisions\/4328"}],"wp:attachment":[{"href":"https:\/\/tramacultura.org\/index.php?rest_route=%2Fwp%2Fv2%2Fmedia&parent=3391"}],"curies":[{"name":"wp","href":"https:\/\/api.w.org\/{rel}","templated":true}]}}