{"id":1580,"date":"2013-06-24T19:02:35","date_gmt":"2013-06-24T19:02:35","guid":{"rendered":"http:\/\/tramacultura.org\/?page_id=1580"},"modified":"2014-07-01T10:16:12","modified_gmt":"2014-07-01T10:16:12","slug":"las-falacias-del-discurso","status":"publish","type":"page","link":"https:\/\/tramacultura.org\/?page_id=1580","title":{"rendered":"# Las falacias del discurso"},"content":{"rendered":"<h3 style=\"text-align: justify;\"><img loading=\"lazy\" decoding=\"async\" class=\"alignnone size-medium wp-image-2695\" src=\"http:\/\/tramacultura.org\/w\/wp-content\/uploads\/2013\/06\/citizen-kane-300x168.jpg\" alt=\"citizen kane\" width=\"300\" height=\"168\" srcset=\"https:\/\/tramacultura.org\/wp-content\/uploads\/2013\/06\/citizen-kane-300x168.jpg 300w, https:\/\/tramacultura.org\/wp-content\/uploads\/2013\/06\/citizen-kane-1024x576.jpg 1024w, https:\/\/tramacultura.org\/wp-content\/uploads\/2013\/06\/citizen-kane-700x393.jpg 700w, https:\/\/tramacultura.org\/wp-content\/uploads\/2013\/06\/citizen-kane-332x186.jpg 332w, https:\/\/tramacultura.org\/wp-content\/uploads\/2013\/06\/citizen-kane.jpg 1227w\" sizes=\"auto, (max-width: 300px) 100vw, 300px\" \/><\/h3>\n<p style=\"text-align: justify;\">En la prensa, en la televisi\u00f3n, en las conversaciones de caf\u00e9 o en las discusiones dom\u00e9sticas, los discursos est\u00e1n llenos de falacias, argumentos err\u00f3neos que alteran los razonamientos y condicionan las decisiones. Las falacias, tanto si se cometen de forma involuntaria como si se trata de enga\u00f1os deliberados, nos alejan de la b\u00fasqueda de la verdad en las discusiones y convierten los intercambios de argumentos en combates en el que gana quien grita m\u00e1s o qui\u00e9n es m\u00e1s ocurrente. Desde el punto de vista de la filosof\u00eda anal\u00edtica, aprenderemos de manera pr\u00e1ctica a detectar las falacias y contrarrestar sus efectos nocivos en la vida cotidiana y en \u00e1mbitos como los medios de comunicaci\u00f3n, la pol\u00edtica o la econom\u00eda.<\/p>\n<p style=\"text-align: justify;\"><span style=\"color: #ffffff;\">\u00a0.<\/span><\/p>\n<p style=\"text-align: justify;\"><span style=\"color: #ff0000;\"># Temario<\/span><\/p>\n<p style=\"text-align: justify;\">1 .- Concepto de falacia. Falacias formales e informales.<\/p>\n<p style=\"text-align: justify;\">2 .- Falacias informales ( I). Falacias informales que vulneran el criterio de claridad.<\/p>\n<p style=\"text-align: justify;\">3 .- Falacias informales ( II ). Falacias informales que vulneran el criterio de relevancia.<\/p>\n<p style=\"text-align: justify;\">4 .- Falacias informales ( III ). Falacias informales que vulneran el criterio de suficiencia.<\/p>\n<p style=\"text-align: justify;\"><span style=\"color: #ffffff;\">.<\/span><\/p>\n<p style=\"text-align: justify;\"><span style=\"color: #000000;\">Los cursos se pueden iniciar\u00a0en el momento que se prefiera y tienen una duraci\u00f3n de un mes \u00a1Escoged la fecha que m\u00e1s os convenga! La matriculaci\u00f3n se puede hacer en la direcci\u00f3n electr\u00f3nica\u00a0<\/span><a style=\"color: #ff0000;\" href=\"mailto: reserves@tramacultura.org\" target=\"_blank\">reserves@tramacultura.org<\/a><\/p>\n<p style=\"text-align: justify;\">Precio general: 40 \u20ac<\/p>\n<p style=\"text-align: justify;\">Precio reducido: 25% de descuento para personas estudiantes, menores de edad, docentes, mayores de 65 o pensionistas, paradas, titulares del carnet de familias monoparentales, o numerosas, suscriptoras de Diagonal, suscriptoras de La Directa y grupos (5 o m\u00e1s inscritas a la vez).<\/p>\n","protected":false},"excerpt":{"rendered":"<p>En la prensa, en la televisi\u00f3n, en las conversaciones de caf\u00e9 o en las discusiones dom\u00e9sticas, los discursos est\u00e1n llenos de falacias, argumentos err\u00f3neos que alteran los razonamientos y condicionan las decisiones. Las falacias, tanto si se cometen de forma involuntaria como si se trata de enga\u00f1os deliberados, nos alejan &#8230;<\/p>\n","protected":false},"author":1,"featured_media":0,"parent":0,"menu_order":0,"comment_status":"closed","ping_status":"closed","template":"","meta":{"footnotes":""},"class_list":["post-1580","page","type-page","status-publish","hentry","column","threecol"],"_links":{"self":[{"href":"https:\/\/tramacultura.org\/index.php?rest_route=\/wp\/v2\/pages\/1580","targetHints":{"allow":["GET"]}}],"collection":[{"href":"https:\/\/tramacultura.org\/index.php?rest_route=\/wp\/v2\/pages"}],"about":[{"href":"https:\/\/tramacultura.org\/index.php?rest_route=\/wp\/v2\/types\/page"}],"author":[{"embeddable":true,"href":"https:\/\/tramacultura.org\/index.php?rest_route=\/wp\/v2\/users\/1"}],"replies":[{"embeddable":true,"href":"https:\/\/tramacultura.org\/index.php?rest_route=%2Fwp%2Fv2%2Fcomments&post=1580"}],"version-history":[{"count":14,"href":"https:\/\/tramacultura.org\/index.php?rest_route=\/wp\/v2\/pages\/1580\/revisions"}],"predecessor-version":[{"id":3039,"href":"https:\/\/tramacultura.org\/index.php?rest_route=\/wp\/v2\/pages\/1580\/revisions\/3039"}],"wp:attachment":[{"href":"https:\/\/tramacultura.org\/index.php?rest_route=%2Fwp%2Fv2%2Fmedia&parent=1580"}],"curies":[{"name":"wp","href":"https:\/\/api.w.org\/{rel}","templated":true}]}}